{"id":38,"date":"2021-06-21T15:00:49","date_gmt":"2021-06-21T12:00:49","guid":{"rendered":"https:\/\/www.kehitysvammaliitto.fi\/opike\/?page_id=38"},"modified":"2026-04-09T11:10:24","modified_gmt":"2026-04-09T08:10:24","slug":"koulutukset","status":"publish","type":"page","link":"https:\/\/www.kehitysvammaliitto.fi\/opike\/koulutukset\/","title":{"rendered":"Opike kouluttajana"},"content":{"rendered":"<p>Opikkeen koulutustoiminta tarjoaa monipuolisia vaihtoehtoja henkil\u00f6st\u00f6n ammatillisen kehittymisen tueksi. Tavoitteemme on tuottaa koulutusta, joka on luontevasti sovellettavissa ty\u00f6yhteis\u00f6jen arkeen.<\/p>\r\n<p>Koulutusvalikoimassamme on sek\u00e4 Opetushallituksen tukemia koulutuksia ett\u00e4 Opikkeen omia tapahtumia. OPH:n tukema koulutus on opetusalan ammattilaisille suunnattua t\u00e4ydennyskoulutusta ja se on osallistujille maksutonta. Teemme yhteisty\u00f6t\u00e4 mm. Selkokeskuksen sek\u00e4 vankan opetus- ja ohjausalan asiantuntemuksen omaavien freelance-kouluttajien kanssa.<\/p>\r\n<p>Opikkeen kaikille avoimet koulutukset ja verkkol\u00e4hetykset l\u00f6ytyv\u00e4t Kehitysvammaliiton koulutuskalenterista.<\/p>\r\n<p><a class=\"button read external-link\" href=\"https:\/\/www.kehitysvammaliitto.fi\/koulutus\/koulutuskalenteri\/\">SIIRRY KOULUTUSKALENTERIIN<\/a><\/p>\r\n<div id=\"content\" class=\"site-content\">\r\n<div id=\"primary\" class=\"content-area container\"><main id=\"main\" class=\"site-main\" role=\"main\">\r\n<article id=\"post-5883\" class=\"post-5883 post type-post status-publish format-standard has-post-thumbnail hentry category-ajankohtaista\">\r\n<div class=\"entry-content\">\r\n<p>\u00a0<\/p>\r\n<\/div>\r\n<\/article>\r\n<\/main><\/div>\r\n<\/div>\n","protected":false},"excerpt":{"rendered":"Opikkeen koulutustoiminta tarjoaa monipuolisia vaihtoehtoja henkil\u00f6st\u00f6n ammatillisen kehittymisen tueksi. Tavoitteemme on tuottaa koulutusta, joka on luontevasti sovellettavissa ty\u00f6yhteis\u00f6jen arkeen. Koulutusvalikoimassamme on sek\u00e4 Opetushallituksen tukemia koulutuksia ett\u00e4 Opikkeen omia tapahtumia. OPH:n tukema koulutus on opetusalan ammattilaisille suunnattua t\u00e4ydennyskoulutusta ja se on osallistujille maksutonta. Teemme yhteisty\u00f6t\u00e4 mm. Selkokeskuksen sek\u00e4 vankan opetus- ja ohjausalan asiantuntemuksen omaavien freelance-kouluttajien kanssa. [&hellip;]","protected":false},"author":1,"featured_media":149,"parent":0,"menu_order":4,"comment_status":"closed","ping_status":"closed","template":"","meta":{"footnotes":""},"categories":[],"tags":[],"class_list":["post-38","page","type-page","status-publish","has-post-thumbnail","hentry"],"_links":{"self":[{"href":"https:\/\/www.kehitysvammaliitto.fi\/opike\/wp-json\/wp\/v2\/pages\/38","targetHints":{"allow":["GET"]}}],"collection":[{"href":"https:\/\/www.kehitysvammaliitto.fi\/opike\/wp-json\/wp\/v2\/pages"}],"about":[{"href":"https:\/\/www.kehitysvammaliitto.fi\/opike\/wp-json\/wp\/v2\/types\/page"}],"author":[{"embeddable":true,"href":"https:\/\/www.kehitysvammaliitto.fi\/opike\/wp-json\/wp\/v2\/users\/1"}],"replies":[{"embeddable":true,"href":"https:\/\/www.kehitysvammaliitto.fi\/opike\/wp-json\/wp\/v2\/comments?post=38"}],"version-history":[{"count":0,"href":"https:\/\/www.kehitysvammaliitto.fi\/opike\/wp-json\/wp\/v2\/pages\/38\/revisions"}],"wp:featuredmedia":[{"embeddable":true,"href":"https:\/\/www.kehitysvammaliitto.fi\/opike\/wp-json\/wp\/v2\/media\/149"}],"wp:attachment":[{"href":"https:\/\/www.kehitysvammaliitto.fi\/opike\/wp-json\/wp\/v2\/media?parent=38"}],"wp:term":[{"taxonomy":"category","embeddable":true,"href":"https:\/\/www.kehitysvammaliitto.fi\/opike\/wp-json\/wp\/v2\/categories?post=38"},{"taxonomy":"post_tag","embeddable":true,"href":"https:\/\/www.kehitysvammaliitto.fi\/opike\/wp-json\/wp\/v2\/tags?post=38"}],"curies":[{"name":"wp","href":"https:\/\/api.w.org\/{rel}","templated":true}]}}