{"id":52,"date":"2018-06-04T11:13:17","date_gmt":"2018-06-04T08:13:17","guid":{"rendered":"https:\/\/www.kehitysvammaliitto.fi\/pa-svenska\/?page_id=52"},"modified":"2023-07-14T13:40:32","modified_gmt":"2023-07-14T10:40:32","slug":"fasd","status":"publish","type":"page","link":"https:\/\/www.kehitysvammaliitto.fi\/pa-svenska\/intellektuell-funktionsnedsattning\/fasd\/","title":{"rendered":"FASD"},"content":{"rendered":"<p><strong>Alkohol \u00e4r den mest betydande faktorn som hotar fostrets utveckling och som mamman sj\u00e4lv kan p\u00e5verka. Alkohol \u00e4r det rusmedel som orsakar flest fosterskador.<\/strong><\/p>\r\n<p>Alkoholbruk under graviditeten \u00e4r i dag en av de mest betydande orsakerna till intellektuell funktionsneds\u00e4ttning i v\u00e4stl\u00e4nderna. Det \u00e4r ocks\u00e5 den enda som helt kunde undvikas. Det r\u00e4cker att mamman \u00e4r helt nykter under graviditeten.<\/p>\r\n<p>V\u00e4ntande mammors alkoholbruk under graviditeten orsakar \u00e5rligen risk f\u00f6r utvecklingsst\u00f6rning hos tusentals foster. Varje \u00e5r f\u00f6ds 600 \u2013 3000 barn med n\u00e5gon grad av alkoholskada (FASD) i Finland. De sv\u00e5rast skadade barnen har intellektuell funktionsneds\u00e4ttning.<\/p>\r\n<h2>Vad g\u00f6r Kehitysvammaliitto?<\/h2>\r\n<ul style=\"list-style-type: square;\">\r\n\t<li>Vi ger r\u00e5d i fr\u00e5gor som g\u00e4ller FASD.<\/li>\r\n\t<li>Vi ordnar utbildning f\u00f6r handledare i kamratgrupper f\u00f6r unga med FASD.<\/li>\r\n\t<li>Vi uppr\u00e4tth\u00e5ller n\u00e4tverket FASD Suomi, som sammanf\u00f6r FASD-experter fr\u00e5n olika delar av Finland. Unga med FASD, anh\u00f6riga och n\u00e4rst\u00e5ende samt anst\u00e4llda i social- och h\u00e4lsov\u00e5rdsbranschen \u00e4r v\u00e4lkomna i n\u00e4tverket.<\/li>\r\n\t<li>Vi har utvecklat en FASD-mentormodell. Vi sammanf\u00f6r FASD-mentorer och familjer d\u00e4r ett barn eller en ung med FASD placeras. Vi str\u00e4var ocks\u00e5 till att erbjuda kamratst\u00f6d \u00e5t fosterf\u00f6r\u00e4ldrar och familjev\u00e5rdare.<\/li>\r\n\t<li>Vi producerar information och material om FASD.<\/li>\r\n<\/ul>\r\n<h2>FASD-utbildningsprogrammet<\/h2>\r\n<p>Utbildningsprogrammet erbjuder aktuell information och hj\u00e4lp \u00e5t fosterf\u00f6r\u00e4ldrar och professionella som lever och arbetar med personer med FASD s\u00e5 att de kan m\u00f6ta dem p\u00e5 ett bra s\u00e4tt och planera individuellt st\u00f6d. Utbildningsprogrammet har sex moduler bland vilka man kan v\u00e4lja den l\u00e4mpligaste helheten f\u00f6r en sj\u00e4lv:<\/p>\r\n<ol>\r\n\t<li>FASD i ett n\u00f6tskal<\/li>\r\n\t<li>Att prata och m\u00f6ta<\/li>\r\n\t<li>Specialfr\u00e5gor om l\u00e4rande, tillv\u00e4xt och utveckling<\/li>\r\n\t<li>Fostran och v\u00e5nda<\/li>\r\n\t<li>Planering av st\u00f6d och tj\u00e4nster<\/li>\r\n\t<li>Diagnostisering av personer med FASD<\/li>\r\n<\/ol>\r\n<h2>Vad vill vi uppn\u00e5?<\/h2>\r\n<ul style=\"list-style-type: square;\">\r\n\t<li>\u00a0Unga med FASD f\u00e5r en allt b\u00e4ttre f\u00f6rst\u00e5else f\u00f6r sin situation och sitt syndrom och blir medvetna om st\u00f6dformer och tj\u00e4nster som passar dem<\/li>\r\n\t<li>Unga med FASD tr\u00e4ffar andra med samma syndrom och knyter v\u00e4nskapsband<\/li>\r\n\t<li>Professionella, familjev\u00e5rdare och fosterf\u00f6r\u00e4ldrar f\u00e5r mer kunskap om FASD och om l\u00e4mpliga st\u00f6dformer och tj\u00e4nster<\/li>\r\n\t<li>Unga med FASD, fosterf\u00f6r\u00e4ldrar och familjev\u00e5rdare f\u00e5r kamratst\u00f6d som hj\u00e4lper dem att klara vardagen och livet med FASD<\/li>\r\n\t<li>Professionella som arbetar kring FASD f\u00e5r \u00f6kad kunskap och b\u00e4ttre arbetsmetoder<\/li>\r\n\t<li>FASD som fenomen blir mer k\u00e4nt och vetskapen om faktorer i anslutning till det \u00f6kar<\/li>\r\n<\/ul>\r\n<p>Kehitysvammaliitto har grundat det riksomfattande n\u00e4tverket FASD Suomi. M\u00e5let med n\u00e4tverksarbetet \u00e4r att:<\/p>\r\n<ul style=\"list-style-type: square;\">\r\n\t<li>\u00f6ka FASD-kunnandet<\/li>\r\n\t<li>sprida information om alkoholexponering under fostertiden och dess verkningar<\/li>\r\n\t<li>utveckla beh\u00f6vliga st\u00f6d- och rehabiliteringstj\u00e4nster<\/li>\r\n\t<li>f\u00f6rb\u00e4ttra st\u00e4llningen i samh\u00e4llet f\u00f6r barn, unga och vuxna med FASD.<\/li>\r\n<\/ul>\r\n<h3>N\u00e4tverkets m\u00e5ls\u00e4ttningar<\/h3>\r\n<ol>\r\n\t<li>FASD f\u00f6rebyggs effektivt. Medvetenheten om farorna med alkoholbruk under graviditeten \u00f6kar.<\/li>\r\n\t<li>FASD erk\u00e4nns som en neurokognitiv st\u00f6rning. FASD-diagnosen ber\u00e4ttigar till st\u00f6d och rehabilitering.<\/li>\r\n\t<li>FASD k\u00e4nns igen och diagnostiseras.<\/li>\r\n\t<li>De speciella st\u00f6dbehoven hos personer med FASD beaktas i tj\u00e4nsterna.<\/li>\r\n\t<li>F\u00f6r\u00e4ldrar, fosterf\u00f6r\u00e4ldrar och n\u00e4rst\u00e5ende f\u00e5r tillr\u00e4ckligt med st\u00f6d.<\/li>\r\n\t<li>Professionella och organisationer som arbetar med personer med FASD f\u00e5r st\u00f6d i att utveckla sitt kunnande och sina arbetsmetoder.<\/li>\r\n\t<li>FASD-temat inkluderas i utbildningsprogrammet f\u00f6r personal inom olika branscher.<\/li>\r\n\t<li>Evidensbaserad kunskap om alkoholens p\u00e5verkan p\u00e5 fostrets utveckling beaktas i samh\u00e4lls- och alkoholpolitiken.<\/li>\r\n<\/ol>\r\n<h3>Broschyr om farorna med alkoholbruk under graviditeten<\/h3>\r\n<p>I denna svenska <a href=\"https:\/\/www.kehitysvammaliitto.fi\/pa-svenska\/wp-content\/uploads\/sites\/4\/2023\/07\/var-nykter-nar-du-vantar-barn-2023.pdf\" target=\"_blank\" rel=\"noopener noreferrer\">broschyr<\/a> (pdf) beskrivs hur alkohol p\u00e5verkar fostret under olika skeden av graviditeten. I broschyren beskrivs ocks\u00e5 kortfattat diagnoserna p\u00e5 fosterskador som beror p\u00e5 alkoholbruk under graviditeten. Broschyren kan best\u00e4llas till postkostnadspris. F\u00f6rfr\u00e5gningar: koulutus (at) kvl.fi.<\/p>\n","protected":false},"excerpt":{"rendered":"Alkohol \u00e4r den mest betydande faktorn som hotar fostrets utveckling och som mamman sj\u00e4lv kan p\u00e5verka. Alkohol \u00e4r det rusmedel som orsakar flest fosterskador. Alkoholbruk under graviditeten \u00e4r i dag en av de mest betydande orsakerna till intellektuell funktionsneds\u00e4ttning i v\u00e4stl\u00e4nderna. Det \u00e4r ocks\u00e5 den enda som helt kunde undvikas. Det r\u00e4cker att mamman \u00e4r [&hellip;]","protected":false},"author":3,"featured_media":89,"parent":49,"menu_order":3,"comment_status":"closed","ping_status":"closed","template":"","meta":{"footnotes":""},"categories":[],"tags":[],"class_list":["post-52","page","type-page","status-publish","has-post-thumbnail","hentry"],"_links":{"self":[{"href":"https:\/\/www.kehitysvammaliitto.fi\/pa-svenska\/wp-json\/wp\/v2\/pages\/52","targetHints":{"allow":["GET"]}}],"collection":[{"href":"https:\/\/www.kehitysvammaliitto.fi\/pa-svenska\/wp-json\/wp\/v2\/pages"}],"about":[{"href":"https:\/\/www.kehitysvammaliitto.fi\/pa-svenska\/wp-json\/wp\/v2\/types\/page"}],"author":[{"embeddable":true,"href":"https:\/\/www.kehitysvammaliitto.fi\/pa-svenska\/wp-json\/wp\/v2\/users\/3"}],"replies":[{"embeddable":true,"href":"https:\/\/www.kehitysvammaliitto.fi\/pa-svenska\/wp-json\/wp\/v2\/comments?post=52"}],"version-history":[{"count":0,"href":"https:\/\/www.kehitysvammaliitto.fi\/pa-svenska\/wp-json\/wp\/v2\/pages\/52\/revisions"}],"up":[{"embeddable":true,"href":"https:\/\/www.kehitysvammaliitto.fi\/pa-svenska\/wp-json\/wp\/v2\/pages\/49"}],"wp:featuredmedia":[{"embeddable":true,"href":"https:\/\/www.kehitysvammaliitto.fi\/pa-svenska\/wp-json\/wp\/v2\/media\/89"}],"wp:attachment":[{"href":"https:\/\/www.kehitysvammaliitto.fi\/pa-svenska\/wp-json\/wp\/v2\/media?parent=52"}],"wp:term":[{"taxonomy":"category","embeddable":true,"href":"https:\/\/www.kehitysvammaliitto.fi\/pa-svenska\/wp-json\/wp\/v2\/categories?post=52"},{"taxonomy":"post_tag","embeddable":true,"href":"https:\/\/www.kehitysvammaliitto.fi\/pa-svenska\/wp-json\/wp\/v2\/tags?post=52"}],"curies":[{"name":"wp","href":"https:\/\/api.w.org\/{rel}","templated":true}]}}