{"id":53,"date":"2018-06-04T11:17:01","date_gmt":"2018-06-04T08:17:01","guid":{"rendered":"https:\/\/www.kehitysvammaliitto.fi\/pa-svenska\/?page_id=53"},"modified":"2026-01-15T12:33:35","modified_gmt":"2026-01-15T10:33:35","slug":"larande","status":"publish","type":"page","link":"https:\/\/www.kehitysvammaliitto.fi\/pa-svenska\/intellektuell-funktionsnedsattning\/larande\/","title":{"rendered":"L\u00e4rande"},"content":{"rendered":"<p><strong>Varje barn \u00e4r unikt och v\u00e4rdefullt just s\u00e5dant som han eller hon \u00e4r. F\u00f6rbundets m\u00e5ls\u00e4ttning \u00e4r att st\u00f6da elevens r\u00e4tt att g\u00e5 i den skola d\u00e4r andra elever i omr\u00e5det och till exempel syskon g\u00e5r. N\u00e4rskoleprincipen, det vill s\u00e4ga en inkluderande skola, \u00e4r n\u00e5got man f\u00f6rbundit sig till i internationella avtal.<\/strong><\/p>\r\n<h2>V\u00e5r l\u00e4romedelscentral producerar material<\/h2>\r\n<p>Kehitysvammaliitto fr\u00e4mjar livsl\u00e5ngt l\u00e4rande genom att utveckla, planera, framst\u00e4lla och ge ut material f\u00f6r personer med intellektuell funktionsneds\u00e4ttning eller talskada samt f\u00f6r deras n\u00e4rmaste och professionella.<\/p>\r\n<h2>Utbildning av undervisningspersonal<\/h2>\r\n<p>Vi ordnar bland annat utbildning i informations- och kommunikationsteknik och i l\u00e4ttl\u00e4st spr\u00e5k, med st\u00f6d av Undervisnings- och kulturministeriet.<\/p>\n","protected":false},"excerpt":{"rendered":"Varje barn \u00e4r unikt och v\u00e4rdefullt just s\u00e5dant som han eller hon \u00e4r. F\u00f6rbundets m\u00e5ls\u00e4ttning \u00e4r att st\u00f6da elevens r\u00e4tt att g\u00e5 i den skola d\u00e4r andra elever i omr\u00e5det och till exempel syskon g\u00e5r. N\u00e4rskoleprincipen, det vill s\u00e4ga en inkluderande skola, \u00e4r n\u00e5got man f\u00f6rbundit sig till i internationella avtal. V\u00e5r l\u00e4romedelscentral producerar material [&hellip;]","protected":false},"author":3,"featured_media":91,"parent":49,"menu_order":4,"comment_status":"closed","ping_status":"closed","template":"","meta":{"footnotes":""},"categories":[],"tags":[],"class_list":["post-53","page","type-page","status-publish","has-post-thumbnail","hentry"],"_links":{"self":[{"href":"https:\/\/www.kehitysvammaliitto.fi\/pa-svenska\/wp-json\/wp\/v2\/pages\/53","targetHints":{"allow":["GET"]}}],"collection":[{"href":"https:\/\/www.kehitysvammaliitto.fi\/pa-svenska\/wp-json\/wp\/v2\/pages"}],"about":[{"href":"https:\/\/www.kehitysvammaliitto.fi\/pa-svenska\/wp-json\/wp\/v2\/types\/page"}],"author":[{"embeddable":true,"href":"https:\/\/www.kehitysvammaliitto.fi\/pa-svenska\/wp-json\/wp\/v2\/users\/3"}],"replies":[{"embeddable":true,"href":"https:\/\/www.kehitysvammaliitto.fi\/pa-svenska\/wp-json\/wp\/v2\/comments?post=53"}],"version-history":[{"count":0,"href":"https:\/\/www.kehitysvammaliitto.fi\/pa-svenska\/wp-json\/wp\/v2\/pages\/53\/revisions"}],"up":[{"embeddable":true,"href":"https:\/\/www.kehitysvammaliitto.fi\/pa-svenska\/wp-json\/wp\/v2\/pages\/49"}],"wp:featuredmedia":[{"embeddable":true,"href":"https:\/\/www.kehitysvammaliitto.fi\/pa-svenska\/wp-json\/wp\/v2\/media\/91"}],"wp:attachment":[{"href":"https:\/\/www.kehitysvammaliitto.fi\/pa-svenska\/wp-json\/wp\/v2\/media?parent=53"}],"wp:term":[{"taxonomy":"category","embeddable":true,"href":"https:\/\/www.kehitysvammaliitto.fi\/pa-svenska\/wp-json\/wp\/v2\/categories?post=53"},{"taxonomy":"post_tag","embeddable":true,"href":"https:\/\/www.kehitysvammaliitto.fi\/pa-svenska\/wp-json\/wp\/v2\/tags?post=53"}],"curies":[{"name":"wp","href":"https:\/\/api.w.org\/{rel}","templated":true}]}}

Lärande

<p><strong>Varje barn är unikt och värdefullt just sådant som han eller hon är. Förbundets målsättning är att stöda elevens rätt att gå i den skola där andra elever i området och till exempel syskon går. Närskoleprincipen, det vill säga en inkluderande skola, är något man förbundit sig till i internationella avtal.</strong></p>
<h2>Vår läromedelscentral producerar material</h2>
<p>Kehitysvammaliitto främjar livslångt lärande genom att utveckla, planera, framställa och ge ut material för personer med intellektuell funktionsnedsättning eller talskada samt för deras närmaste och professionella.</p>
<h2>Utbildning av undervisningspersonal</h2>
<p>Vi ordnar bland annat utbildning i informations- och kommunikationsteknik och i lättläst språk, med stöd av Undervisnings- och kulturministeriet.</p>

Varje barn är unikt och värdefullt just sådant som han eller hon är. Förbundets målsättning är att stöda elevens rätt att gå i den skola där andra elever i området och till exempel syskon går. Närskoleprincipen, det vill säga en inkluderande skola, är något man förbundit sig till i internationella avtal. Vår läromedelscentral producerar material [&hellip;]
