{"id":57,"date":"2018-06-04T14:55:50","date_gmt":"2018-06-04T11:55:50","guid":{"rendered":"https:\/\/www.kehitysvammaliitto.fi\/pa-svenska\/?page_id=57"},"modified":"2025-06-12T11:13:43","modified_gmt":"2025-06-12T08:13:43","slug":"utbildning","status":"publish","type":"page","link":"https:\/\/www.kehitysvammaliitto.fi\/pa-svenska\/utbildning\/","title":{"rendered":"Utbildning"},"content":{"rendered":"<p><strong>Fr\u00e5n och med b\u00f6rjan av 2025 har utbildningsverksamheten av Kehitysvammaliitto \u00f6verf\u00f6rts till f\u00f6rbundets eget bolag, Saavuta Asiantuntijapalvelut Ab. F\u00f6rbundet forts\u00e4tter \u00e4nd\u00e5 att ordna studiedagar, tematr\u00e4ffar, utbildningar f\u00f6r utveckling av verksamhetsmodeller samt olika kostnadsfria evenemang och informationsinslag.<\/strong><\/p>\r\n<p><a class=\"button read external-link\" href=\"https:\/\/saavuta.fi\/\" target=\"_blank\" rel=\"noopener\">Saavuta Asiantuntijapalvelut<\/a><\/p>\r\n<p>Saavuta Asiantuntijapalvelut Ab erbjuder utbildning f\u00f6r dem som arbetar inom funktionshinderservice och undervisning samt f\u00f6r alla som arbetar med personer med intellektuell funktionsneds\u00e4ttning eller talhandikapp. Saavuta Asiantuntijapalvelut ordnar ocks\u00e5 utbildning f\u00f6r dem som producerar information, bl.a. i l\u00e4ttl\u00e4st spr\u00e5k och tillg\u00e4ngliga webbtj\u00e4nster.<\/p>\r\n<p>Saavuta Asiantuntijapalvelut arrangerar skr\u00e4ddarsydda kurser som kan fokusera t.ex. p\u00e5 nya arbetsmetoder, uppdatering av de anst\u00e4lldas kunskaper, utveckling av tj\u00e4nster eller specialfr\u00e5gor inom kundarbete.<\/p>\r\n<p><strong>De mest centrala utbildningsteman \u00e4r:<\/strong><\/p>\r\n<ul style=\"list-style-type: square;\">\r\n\t<li>individinriktat arbetss\u00e4tt, planering och st\u00f6d<\/li>\r\n\t<li>grundl\u00e4ggande information om intellektuell funktionsneds\u00e4ttning<\/li>\r\n\t<li>boendeplanering f\u00f6r specialgrupper<\/li>\r\n\t<li>syssels\u00e4ttningsst\u00f6d f\u00f6r personer med intellektuell funktionsneds\u00e4ttning<\/li>\r\n\t<li>funktionsf\u00f6rm\u00e5gan och bed\u00f6mning av den<\/li>\r\n\t<li>planering av tj\u00e4nster samt servicehandledning<\/li>\r\n\t<li>mental h\u00e4lsa<\/li>\r\n\t<li>\u00e5ldrande<\/li>\r\n\t<li>IKT i utbildning<\/li>\r\n\t<li>l\u00e4ttl\u00e4st spr\u00e5k<\/li>\r\n\t<li>interaktion och kommunikation<\/li>\r\n<\/ul>\r\n<p>Alla v\u00e5ra kurser kan ocks\u00e5 best\u00e4llas som sk\u00e4rddarsydda konsult- och utbildningstj\u00e4nster f\u00f6r personal eller andra grupper.<\/p>\r\n<p>Vi organiserar evenemang med aktuella teman som har att g\u00f6ra med intellektuell funktionsneds\u00e4ttning.<\/p>\r\n<p>Vi samarbetar med ledare och n\u00e4rarbetare, dem som planerar och utvecklar tj\u00e4nster och personer med intellektuell funktionsneds\u00e4ttning och deras n\u00e4rst\u00e5ende.<\/p>\n","protected":false},"excerpt":{"rendered":"Fr\u00e5n och med b\u00f6rjan av 2025 har utbildningsverksamheten av Kehitysvammaliitto \u00f6verf\u00f6rts till f\u00f6rbundets eget bolag, Saavuta Asiantuntijapalvelut Ab. F\u00f6rbundet forts\u00e4tter \u00e4nd\u00e5 att ordna studiedagar, tematr\u00e4ffar, utbildningar f\u00f6r utveckling av verksamhetsmodeller samt olika kostnadsfria evenemang och informationsinslag. Saavuta Asiantuntijapalvelut Saavuta Asiantuntijapalvelut Ab erbjuder utbildning f\u00f6r dem som arbetar inom funktionshinderservice och undervisning samt f\u00f6r alla som [&hellip;]","protected":false},"author":3,"featured_media":155,"parent":0,"menu_order":5,"comment_status":"closed","ping_status":"closed","template":"","meta":{"footnotes":""},"categories":[],"tags":[],"class_list":["post-57","page","type-page","status-publish","has-post-thumbnail","hentry"],"_links":{"self":[{"href":"https:\/\/www.kehitysvammaliitto.fi\/pa-svenska\/wp-json\/wp\/v2\/pages\/57","targetHints":{"allow":["GET"]}}],"collection":[{"href":"https:\/\/www.kehitysvammaliitto.fi\/pa-svenska\/wp-json\/wp\/v2\/pages"}],"about":[{"href":"https:\/\/www.kehitysvammaliitto.fi\/pa-svenska\/wp-json\/wp\/v2\/types\/page"}],"author":[{"embeddable":true,"href":"https:\/\/www.kehitysvammaliitto.fi\/pa-svenska\/wp-json\/wp\/v2\/users\/3"}],"replies":[{"embeddable":true,"href":"https:\/\/www.kehitysvammaliitto.fi\/pa-svenska\/wp-json\/wp\/v2\/comments?post=57"}],"version-history":[{"count":0,"href":"https:\/\/www.kehitysvammaliitto.fi\/pa-svenska\/wp-json\/wp\/v2\/pages\/57\/revisions"}],"wp:featuredmedia":[{"embeddable":true,"href":"https:\/\/www.kehitysvammaliitto.fi\/pa-svenska\/wp-json\/wp\/v2\/media\/155"}],"wp:attachment":[{"href":"https:\/\/www.kehitysvammaliitto.fi\/pa-svenska\/wp-json\/wp\/v2\/media?parent=57"}],"wp:term":[{"taxonomy":"category","embeddable":true,"href":"https:\/\/www.kehitysvammaliitto.fi\/pa-svenska\/wp-json\/wp\/v2\/categories?post=57"},{"taxonomy":"post_tag","embeddable":true,"href":"https:\/\/www.kehitysvammaliitto.fi\/pa-svenska\/wp-json\/wp\/v2\/tags?post=57"}],"curies":[{"name":"wp","href":"https:\/\/api.w.org\/{rel}","templated":true}]}}