{"id":124,"date":"2018-06-12T18:28:28","date_gmt":"2018-06-12T15:28:28","guid":{"rendered":"https:\/\/www.kehitysvammaliitto.fi\/tikoteekki\/neuvonta\/puhelinneuvonta\/"},"modified":"2025-05-15T13:17:29","modified_gmt":"2025-05-15T10:17:29","slug":"puhelinneuvonta","status":"publish","type":"page","link":"https:\/\/www.kehitysvammaliitto.fi\/tikoteekki\/neuvonta\/puhelinneuvonta\/","title":{"rendered":"Puhelinneuvonta"},"content":{"rendered":"<p>Tikoteekki tarjoaa puhelimitse neuvontaa puhevammaisuuteen ja avustavaan tietotekniikkaan liittyviss\u00e4 asioissa.<\/p><p>Voit kysy\u00e4 neuvoa esimerkiksi:<\/p><ul>\r\n\t<li>puhetta korvaavista kommunikointikeinoista<\/li>\r\n\t<li>kommunikoinnin apuv\u00e4lineist\u00e4<\/li>\r\n\t<li>kommunikoinnin apuv\u00e4linepalveluista<\/li>\r\n\t<li>kommunikoinnin apuv\u00e4lineisiin liittyvist\u00e4 teknisist\u00e4 ratkaisuista<\/li>\r\n\t<li>tietokoneen k\u00e4yt\u00f6n apuv\u00e4lineist\u00e4 ja apuv\u00e4lineohjelmista<\/li>\r\n<\/ul><h4>\u00a0<\/h4><h4>Ota yhteytt\u00e4:<\/h4><p>Taro Katajisto<br>\r\nasiantuntija, avustava tietotekniikka <strong><br>\r\n<\/strong>p. 09 3480 9250 <br>\r\n<a href=\"mailto:taro.katajisto@kvl.fi\" target=\"_blank\" rel=\"noopener\">taro.katajisto(at)kvl.fi<\/a><\/p><p>Kaisa Laine<br>\r\nasiantuntija, puheterapeutti; puhevammaisuus ja puhetta korvaava kommunikointi<br>\r\npuh. (09) 34809 315<br>\r\n<a href=\"mailto:kaisa.laine@kvl.fi\" target=\"_blank\" rel=\"noopener noreferrer\">kaisa.laine(at)kvl.fi<\/a><\/p><p>Virpi Yiannakou<br>\r\nasiantuntija, puhevammaisten tulkki; kommunikointimateriaalit, viittomat<br>\r\npuh. (09) 348 09 313<br>\r\n<a href=\"mailto:virpi.yiannakou@kvl.fi\" target=\"_blank\" rel=\"noopener noreferrer\">virpi.yiannakou(at)kvl.fi<\/a><\/p><p>Tietotekniikka- ja kommunikaatiokeskus Tikoteekki<br>\r\nKehitysvammaliitto ry<br>\r\npuh. (09) 348 09 370<br>\r\n<a href=\"mailto:tikoteekki@kvl.fi\" target=\"_blank\" rel=\"noopener noreferrer\">tikoteekki(at)kvl.fi<\/a><\/p><p><a class=\"button read external-link\" href=\"https:\/\/papunet.net\/tietoa\/kommunikoinnin-apuvalineet\/\" target=\"_blank\" rel=\"noopener noreferrer\">Kommunikoinnin apuv\u00e4lineet Papunetissa<\/a><\/p><p><a class=\"button read external-link\" href=\"https:\/\/tikoteekkiverkosto.fi\/\" target=\"_blank\" rel=\"noopener noreferrer\">Kommunikoinnin apuv\u00e4linepalvelut suomessa<\/a><\/p><p>\u00a0<\/p>\n\n","protected":false},"excerpt":{"rendered":"Tikoteekki tarjoaa puhelimitse neuvontaa puhevammaisuuteen ja avustavaan tietotekniikkaan liittyviss\u00e4 asioissa.Voit kysy\u00e4 neuvoa esimerkiksi: puhetta korvaavista kommunikointikeinoista kommunikoinnin apuv\u00e4lineist\u00e4 kommunikoinnin apuv\u00e4linepalveluista kommunikoinnin apuv\u00e4lineisiin liittyvist\u00e4 teknisist\u00e4 ratkaisuista tietokoneen k\u00e4yt\u00f6n apuv\u00e4lineist\u00e4 ja apuv\u00e4lineohjelmista \u00a0Ota yhteytt\u00e4:Taro Katajisto asiantuntija, avustava tietotekniikka p. 09 3480 9250 taro.katajisto(at)kvl.fiKaisa Laine asiantuntija, puheterapeutti; puhevammaisuus ja puhetta korvaava kommunikointi puh. (09) 34809 315 kaisa.laine(at)kvl.fiVirpi Yiannakou [&hellip;]","protected":false},"author":1,"featured_media":1213,"parent":119,"menu_order":2,"comment_status":"closed","ping_status":"closed","template":"","meta":{"footnotes":""},"categories":[],"tags":[],"class_list":["post-124","page","type-page","status-publish","has-post-thumbnail","hentry"],"_links":{"self":[{"href":"https:\/\/www.kehitysvammaliitto.fi\/tikoteekki\/wp-json\/wp\/v2\/pages\/124","targetHints":{"allow":["GET"]}}],"collection":[{"href":"https:\/\/www.kehitysvammaliitto.fi\/tikoteekki\/wp-json\/wp\/v2\/pages"}],"about":[{"href":"https:\/\/www.kehitysvammaliitto.fi\/tikoteekki\/wp-json\/wp\/v2\/types\/page"}],"author":[{"embeddable":true,"href":"https:\/\/www.kehitysvammaliitto.fi\/tikoteekki\/wp-json\/wp\/v2\/users\/1"}],"replies":[{"embeddable":true,"href":"https:\/\/www.kehitysvammaliitto.fi\/tikoteekki\/wp-json\/wp\/v2\/comments?post=124"}],"version-history":[{"count":0,"href":"https:\/\/www.kehitysvammaliitto.fi\/tikoteekki\/wp-json\/wp\/v2\/pages\/124\/revisions"}],"up":[{"embeddable":true,"href":"https:\/\/www.kehitysvammaliitto.fi\/tikoteekki\/wp-json\/wp\/v2\/pages\/119"}],"wp:featuredmedia":[{"embeddable":true,"href":"https:\/\/www.kehitysvammaliitto.fi\/tikoteekki\/wp-json\/wp\/v2\/media\/1213"}],"wp:attachment":[{"href":"https:\/\/www.kehitysvammaliitto.fi\/tikoteekki\/wp-json\/wp\/v2\/media?parent=124"}],"wp:term":[{"taxonomy":"category","embeddable":true,"href":"https:\/\/www.kehitysvammaliitto.fi\/tikoteekki\/wp-json\/wp\/v2\/categories?post=124"},{"taxonomy":"post_tag","embeddable":true,"href":"https:\/\/www.kehitysvammaliitto.fi\/tikoteekki\/wp-json\/wp\/v2\/tags?post=124"}],"curies":[{"name":"wp","href":"https:\/\/api.w.org\/{rel}","templated":true}]}}