{"id":1291,"date":"2024-10-24T14:00:07","date_gmt":"2024-10-24T11:00:07","guid":{"rendered":"https:\/\/www.kehitysvammaliitto.fi\/tikoteekki\/koulutus\/hoivalluksia\/"},"modified":"2025-05-20T08:46:29","modified_gmt":"2025-05-20T05:46:29","slug":"hoivalluksia","status":"publish","type":"page","link":"https:\/\/www.kehitysvammaliitto.fi\/tikoteekki\/koulutus\/hoivalluksia\/","title":{"rendered":"Hoivalluksia"},"content":{"rendered":"<h2>Hoivalluksia \u2013 kohtaamisen tueksi<\/h2><h3>Verkkomateriaali ja koulutusvaihtoehdot tiimin itsen\u00e4iseen osaamisen kehitt\u00e4miseen<\/h3><p>Hoivalluksia-koulutukset tarjoavat tiimeille k\u00e4yt\u00e4nn\u00f6nl\u00e4heist\u00e4 tukea vuorovaikutusosaamisen kehitt\u00e4miseen. Itseopiskelumateriaalin avulla tiimit saavat lis\u00e4\u00e4 taitoja kohdata asiakkaitaan ja tehd\u00e4 yhteisty\u00f6t\u00e4 arjessa. Voitte valita koulutuksen tason tarpeidenne mukaan. Koulutukset ovat helposti toteutettavissa omalla ty\u00f6paikalla.<\/p><p><strong>Hoivalluksia<\/strong><\/p><ul>\r\n\t<li>sopii tiimeille, jotka kohtaavat ty\u00f6ss\u00e4\u00e4n kommunikoinnissaan tukea tarvitsevia lapsia, nuoria, aikuisia tai ik\u00e4\u00e4ntyneit\u00e4<\/li>\r\n<\/ul><ul>\r\n\t<li>tarjoaa v\u00e4lineit\u00e4 lis\u00e4t\u00e4 keskustelua yhteis\u00f6n vuorovaikutuksesta<\/li>\r\n<\/ul><ul>\r\n\t<li>antaa ideoita vuorovaikutuksen vahvistamiseen asiakasty\u00f6ss\u00e4<\/li>\r\n<\/ul><ul>\r\n\t<li>auttaa sopimaan k\u00e4yt\u00e4nn\u00f6n tekoja, joilla yhteis\u00f6ss\u00e4 jo olevaa hyv\u00e4\u00e4 vuorovaikutusta saadaan lis\u00e4\u00e4 arjen kohtaamisiin.<\/li>\r\n<\/ul><p><iframe src=\"\/\/www.youtube.com\/embed\/fjU4hMO831U?si=5jnbjGlaHNqtcuun\" allowfullscreen=\"allowfullscreen\"><\/iframe><\/p><table class=\"table\" style=\"width: 100%; border-collapse: collapse; background-color: #e3eaf2; height: 97px;\">\r\n<tbody>\r\n<tr style=\"height: 97px;\">\r\n<td style=\"width: 100%; height: 97px;\">\r\n<p>Videolla esitell\u00e4\u00e4n Kehitysvammaliiton Tikoteekin kehitt\u00e4m\u00e4 <em>Hoivalluksia<\/em>-verkkokoulutusmateriaali. Hoivalluksia on tarkoitettu ty\u00f6yhteis\u00f6ille, jotka kohtaavat ty\u00f6ss\u00e4\u00e4n kommunikointiin tukea tarvitsevia lapsia, nuoria, aikuisia tai ik\u00e4\u00e4ntyneit\u00e4. Materiaali tarjoaa v\u00e4lineit\u00e4 vuorovaikutusosaamisen vahvistamiseen, keskustelun lis\u00e4\u00e4miseen ja k\u00e4yt\u00e4nn\u00f6n toimintatapojen sopimiseen arjessa. Koulutusvaihtoehtoja ovat Perus, Plus, Super ja Ekstra.<\/p>\r\n<\/td>\r\n<\/tr>\r\n<\/tbody>\r\n<\/table><h2>Hoivalluksia-koulutusvaihtoehdot<\/h2><h3>Perus: Tiimin itsen\u00e4iseen osaamisen kehitt\u00e4miseen<\/h3><p>Tiimi saa k\u00e4ytt\u00f6\u00f6ns\u00e4 koko Hoivalluksia-verkkomateriaalin kuudeksi kuukaudeksi. Hoivalluksia sis\u00e4lt\u00e4\u00e4 seitsem\u00e4n kokousta, keskustelua viritt\u00e4vi\u00e4 kysymyksi\u00e4 ja esimerkkivideoita erilaisista vuorovaikutustilanteista. Kokousten teemat on nimetty viiden osaavan kumppanuuden elementin mukaan: l\u00e4sn\u00e4olo, odottaminen, vastaaminen, ilmaisun mukauttaminen ja tarkistaminen (LOVIT).<\/p><p>Tiimi valitsee puheenjohtajan, j\u00e4rjest\u00e4\u00e4 kokoukset itsen\u00e4isesti ja keskustelee yhteis\u00f6ns\u00e4 hyvist\u00e4 vuorovaikutusk\u00e4yt\u00e4nn\u00f6ist\u00e4. Osallistujat kehitt\u00e4v\u00e4t vuorovaikutustaitojaan suunnitelmallisesti ja voimavaral\u00e4ht\u00f6isesti.<\/p><p>Hinta 600 euroa, mahdollisuus ostaa jatkoaikaa (6kk) 400 eurolla.<\/p><h3>Plus: Tukea puheenjohtajille<\/h3><p>Tikoteekki tarjoaa lis\u00e4ksi tiimien puheenjohtajille kaksi 45 minuutin Teams-konsultaatiota. Ensimm\u00e4isess\u00e4 tapaamisessa puheenjohtajat voivat tutustua Hoivalluksia-verkkomateriaaliin, kokousten sis\u00e4lt\u00f6ihin ja k\u00e4yt\u00e4nt\u00f6ihin sek\u00e4 keskustelua edist\u00e4viin yhteisty\u00f6tapoihin. Toinen konsultaatiotapaaminen voidaan j\u00e4rjest\u00e4\u00e4 Hoivalluksia-verkkokurssin aikana tai sen j\u00e4lkeen. \u00a0<\/p><p>Hoivalluksia-verkkomateriaalin kanssa yhteens\u00e4 1000 euroa. Konsultaatioiden hinta 2 x 200 euroa.<\/p><h3>Ekstra: Lis\u00e4\u00e4 ymm\u00e4rryst\u00e4 vuorovaikutuksesta<\/h3><p>Tikoteekki tarjoaa tiimin j\u00e4senille orientoivan Yhdess\u00e4 ymm\u00e4rt\u00e4en -koulutuksen (2,5 tuntia) ennen Hoivalluksia-verkkokurssia. Koulutus j\u00e4rjestet\u00e4\u00e4n Teams-alustalla.<\/p><p>Koulutus tutustuttaa ty\u00f6ntekij\u00e4t onnistuneen vuorovaikutuksen (LOVIT) periaatteisiin ja kommunikoinnin perustan vahvistamiseen. Koulutuksessa keskityt\u00e4\u00e4n siihen, miten ty\u00f6ntekij\u00e4 voi kehitt\u00e4\u00e4 omaa vuorovaikutustaan ja hy\u00f6dynt\u00e4\u00e4 vahvuuksiaan eri tilanteissa, riippumatta asiakkaan kommunikointitavasta tai -v\u00e4lineist\u00e4. Koulutukseen sis\u00e4ltyy my\u00f6s HYP-toimintamallin esittely sek\u00e4 k\u00e4yt\u00e4nn\u00f6n harjoituksia HYP-hetkien toteuttamiseen asiakkaiden kanssa. Osallistujia ohjataan videoimaan onnistuneita vuorovaikutustuokioita asiakkaidensa kanssa ja hy\u00f6dynt\u00e4m\u00e4\u00e4n videoitaan Hoivalluksia-verkkokurssilla.<\/p><p>Yhdess\u00e4 ymm\u00e4rt\u00e4en -koulutus noin kahdeksalle ty\u00f6ntekij\u00e4lle 800 euroa, Hoivalluksia-verkkomateriaalin kassa yhteens\u00e4 1400 euroa.<\/p><h3>Super: Timanttinen tiimi<\/h3><p><strong>\u00a0<\/strong>Super yhdist\u00e4\u00e4 kaikki Hoivalluksia-koulutuksien tasot (Perus, Plus ja Ekstra) ja on kokonaisvaltainen ratkaisu ty\u00f6yhteis\u00f6n vuorovaikutusosaamisen kehitt\u00e4miseen.<\/p><p>Tiimi saa k\u00e4ytt\u00f6\u00f6ns\u00e4 Hoivalluksia-verkkomateriaalin kuudeksi kuukaudeksi itsen\u00e4iseen ty\u00f6skentelyyn, kaksi puheenjohtajille suunnattua konsultointitapaamista sek\u00e4 Yhdess\u00e4 ymm\u00e4rt\u00e4en -koulutuksen. Super-kokonaisuus tukee tiimi\u00e4 tavoitteellisesti alusta loppuun ja auttaa syvent\u00e4m\u00e4\u00e4n ymm\u00e4rryst\u00e4 vuorovaikutuksesta ja sen merkityksest\u00e4 asiakasty\u00f6ss\u00e4.<\/p><p>Sis\u00e4lt\u00e4\u00e4 orientoivan koulutuksen, kaksi konsultaatiota puheenjohtajille ja Hoivalluksia-verkkomateriaalin, yhteens\u00e4 1800 euroa.<\/p><p><img loading=\"lazy\" decoding=\"async\" width=\"1024\" height=\"768\" class=\"aligncenter size-full wp-image-1293 img-responsive\" src=\"https:\/\/www.kehitysvammaliitto.fi\/tikoteekki\/wp-content\/uploads\/sites\/2\/2024\/10\/Tikoteekin-Hoivalluksia-verkkokurssit2.png\" alt=\"\" srcset=\"https:\/\/www.kehitysvammaliitto.fi\/tikoteekki\/wp-content\/uploads\/sites\/2\/2024\/10\/Tikoteekin-Hoivalluksia-verkkokurssit2.png 1024w, https:\/\/www.kehitysvammaliitto.fi\/tikoteekki\/wp-content\/uploads\/sites\/2\/2024\/10\/Tikoteekin-Hoivalluksia-verkkokurssit2-300x225.png 300w, https:\/\/www.kehitysvammaliitto.fi\/tikoteekki\/wp-content\/uploads\/sites\/2\/2024\/10\/Tikoteekin-Hoivalluksia-verkkokurssit2-768x576.png 768w\" sizes=\"auto, (max-width: 1024px) 100vw, 1024px\" \/><\/p><p>\u00a0<\/p><p><strong>Tiedustelut Hoivalluksia-koulutuksista:<\/strong>\u00a0<a href=\"mailto:kaisa.laine@kvl.fi\"><strong>katja burakoff(at)kvl.fi<\/strong><\/a>\u00a0tai 09-3480 9363 tai puh. 09-3480 9370 (Tikoteekin toimisto)<\/p>\n\n","protected":false},"excerpt":{"rendered":"Hoivalluksia \u2013 kohtaamisen tueksiVerkkomateriaali ja koulutusvaihtoehdot tiimin itsen\u00e4iseen osaamisen kehitt\u00e4miseenHoivalluksia-koulutukset tarjoavat tiimeille k\u00e4yt\u00e4nn\u00f6nl\u00e4heist\u00e4 tukea vuorovaikutusosaamisen kehitt\u00e4miseen. Itseopiskelumateriaalin avulla tiimit saavat lis\u00e4\u00e4 taitoja kohdata asiakkaitaan ja tehd\u00e4 yhteisty\u00f6t\u00e4 arjessa. Voitte valita koulutuksen tason tarpeidenne mukaan. Koulutukset ovat helposti toteutettavissa omalla ty\u00f6paikalla.Hoivalluksia sopii tiimeille, jotka kohtaavat ty\u00f6ss\u00e4\u00e4n kommunikoinnissaan tukea tarvitsevia lapsia, nuoria, aikuisia tai ik\u00e4\u00e4ntyneit\u00e4 tarjoaa v\u00e4lineit\u00e4 [&hellip;]","protected":false},"author":17,"featured_media":1295,"parent":66,"menu_order":14,"comment_status":"closed","ping_status":"closed","template":"","meta":{"footnotes":""},"categories":[],"tags":[],"class_list":["post-1291","page","type-page","status-publish","has-post-thumbnail","hentry"],"_links":{"self":[{"href":"https:\/\/www.kehitysvammaliitto.fi\/tikoteekki\/wp-json\/wp\/v2\/pages\/1291","targetHints":{"allow":["GET"]}}],"collection":[{"href":"https:\/\/www.kehitysvammaliitto.fi\/tikoteekki\/wp-json\/wp\/v2\/pages"}],"about":[{"href":"https:\/\/www.kehitysvammaliitto.fi\/tikoteekki\/wp-json\/wp\/v2\/types\/page"}],"author":[{"embeddable":true,"href":"https:\/\/www.kehitysvammaliitto.fi\/tikoteekki\/wp-json\/wp\/v2\/users\/17"}],"replies":[{"embeddable":true,"href":"https:\/\/www.kehitysvammaliitto.fi\/tikoteekki\/wp-json\/wp\/v2\/comments?post=1291"}],"version-history":[{"count":0,"href":"https:\/\/www.kehitysvammaliitto.fi\/tikoteekki\/wp-json\/wp\/v2\/pages\/1291\/revisions"}],"up":[{"embeddable":true,"href":"https:\/\/www.kehitysvammaliitto.fi\/tikoteekki\/wp-json\/wp\/v2\/pages\/66"}],"wp:featuredmedia":[{"embeddable":true,"href":"https:\/\/www.kehitysvammaliitto.fi\/tikoteekki\/wp-json\/wp\/v2\/media\/1295"}],"wp:attachment":[{"href":"https:\/\/www.kehitysvammaliitto.fi\/tikoteekki\/wp-json\/wp\/v2\/media?parent=1291"}],"wp:term":[{"taxonomy":"category","embeddable":true,"href":"https:\/\/www.kehitysvammaliitto.fi\/tikoteekki\/wp-json\/wp\/v2\/categories?post=1291"},{"taxonomy":"post_tag","embeddable":true,"href":"https:\/\/www.kehitysvammaliitto.fi\/tikoteekki\/wp-json\/wp\/v2\/tags?post=1291"}],"curies":[{"name":"wp","href":"https:\/\/api.w.org\/{rel}","templated":true}]}}