{"id":135,"date":"2018-06-12T18:32:56","date_gmt":"2018-06-12T15:32:56","guid":{"rendered":"https:\/\/www.kehitysvammaliitto.fi\/tikoteekki\/koulutus\/voimauttava-vuorovaikutus-koulutus\/"},"modified":"2026-04-15T16:07:18","modified_gmt":"2026-04-15T13:07:18","slug":"voimauttava-vuorovaikutus-koulutus","status":"publish","type":"page","link":"https:\/\/www.kehitysvammaliitto.fi\/tikoteekki\/koulutus\/voimauttava-vuorovaikutus-koulutus\/","title":{"rendered":"Voimauttava vuorovaikutus -koulutus"},"content":{"rendered":"<p><img loading=\"lazy\" decoding=\"async\" width=\"1024\" height=\"724\" class=\"aligncenter size-large wp-image-1657 img-responsive\" src=\"https:\/\/www.kehitysvammaliitto.fi\/tikoteekki\/wp-content\/uploads\/sites\/2\/2025\/10\/Voimauttava-vuorovaikutus-koulutus-1024x724.png\" alt=\"Kuvassa on Voimauttavan vuorovaikutuksen koulutusportaat: 1. Tutustu - Voimauttavan vuorovaikutuksen perusteet (0,5 op), 2. Syvenn\u00e4 - Voimauttavan vuorovaikutuksen syvent\u00e4v\u00e4 koulutus (2,5 op) ja 3. Valmenna - Voimauttavan vuorovaikutuksen valmentajakoulutus (2,5 op)\" srcset=\"https:\/\/www.kehitysvammaliitto.fi\/tikoteekki\/wp-content\/uploads\/sites\/2\/2025\/10\/Voimauttava-vuorovaikutus-koulutus-1024x724.png 1024w, https:\/\/www.kehitysvammaliitto.fi\/tikoteekki\/wp-content\/uploads\/sites\/2\/2025\/10\/Voimauttava-vuorovaikutus-koulutus-300x212.png 300w, https:\/\/www.kehitysvammaliitto.fi\/tikoteekki\/wp-content\/uploads\/sites\/2\/2025\/10\/Voimauttava-vuorovaikutus-koulutus-768x543.png 768w, https:\/\/www.kehitysvammaliitto.fi\/tikoteekki\/wp-content\/uploads\/sites\/2\/2025\/10\/Voimauttava-vuorovaikutus-koulutus-1536x1086.png 1536w, https:\/\/www.kehitysvammaliitto.fi\/tikoteekki\/wp-content\/uploads\/sites\/2\/2025\/10\/Voimauttava-vuorovaikutus-koulutus.png 2000w\" sizes=\"auto, (max-width: 1024px) 100vw, 1024px\" \/><\/p><p>\u00a0<\/p><h3>Kev\u00e4\u00e4ll\u00e4 2026<\/h3><h2>Voimauttavan vuorovaikutuksen perusteet -verkkokoulutus (0,5 op)<\/h2><p>Voimauttavan vuorovaikutuksen perusteet -verkkokoulutuksen j\u00e4rjest\u00e4\u00e4 Saavuta Asiantuntijapalvelut Oy, joka on Kehitysvammaliiton kokonaan omistama yritys. Kehitysvammaliiton j\u00e4senet saavat koulutuksista kymmenen prosentin alennuksen.<\/p><p><a href=\"https:\/\/www.kehitysvammaliitto.fi\/tikoteekki\/toimintamallit\/voimauttava-vuorovaikutus\/\">Voimauttava vuorovaikutus<\/a> (Intensive Interaction) on toimintatapa, joka tukee vaikeasti kehitysvammaisen ja\/tai autismikirjon ihmisen vuorovaikutusta ja parantaa h\u00e4nen el\u00e4m\u00e4nlaatuaan. Koulutuksessa k\u00e4sitell\u00e4\u00e4n mm. kommunikoinnin perustaa, voimauttavan vuorovaikutuksen periaatteita ja toimintatavan toteuttamista arjessa.<\/p><p><strong>Sis\u00e4lt\u00f6:<\/strong><strong><br>\r\n<\/strong>Mit\u00e4 on Voimauttava vuorovaikutus<br>\r\nKommunikoinnin perustan taidot<br>\r\nKumppanin voimauttavat vuorovaikutustavat<br>\r\nVoimauttavan vuorovaikutuksen prosessi<br>\r\nN\u00e4k\u00f6kulmia Voimauttavaan vuorovaikutukseen<br>\r\nVoimauttavan vuorovaikutuksen materiaalit ja niihin perehtyminen<\/p><p><strong>Ohjelma:<\/strong><br>\r\n10.00 Mit\u00e4 on Voimauttava vuorovaikutus:<br>\r\n\u2013 Miksi Voimauttavaa vuorovaikutusta tarvitaan?<br>\r\n\u2013 Miten Voimauttavaa vuorovaikutusta tehd\u00e4\u00e4n?<br>\r\n12.00 Lounastauko <br>\r\n13.00 Miten Voimauttavaa vuorovaikutusta tehd\u00e4\u00e4n? jatkuu, Voimauttavan vuorovaikutuksen prosessi<br>\r\n14.30 Tauko<br>\r\n14.45 N\u00e4k\u00f6kulmia Voimauttavaan vuorovaikutukseen, Voimauttava vuorovaikutus k\u00e4ytt\u00f6\u00f6n<br>\r\n16.00 Koulutus p\u00e4\u00e4ttyy<\/p><p><strong>Aika ja paikka:<\/strong> 7.5.2026 klo 10-16. Koulutus toteutetaan verkossa Teams-ymp\u00e4rist\u00f6ss\u00e4<strong>. <\/strong><strong><br>\r\n<\/strong><strong>Kouluttajat:<\/strong> Voimauttavan vuorovaikutuksen koordinaattorit, puheterapeutit Katja Burakoff ja Kaisa Martikainen<br>\r\n<strong>Hinta: <\/strong>Kehitysvammaliiton j\u00e4senten verollinen kokonaishinta on 248,49 \u20ac\/hl\u00f6 (sis. ALV 25,5 %). Muiden kuin Kehitysvammaliiton j\u00e4senten verollinen kokonaishinta on 276,10 \u20ac\/hl\u00f6 (sis. ALV 25,5 %)<strong><br>\r\nIlmoittautuminen: <\/strong>viimeist\u00e4\u00e4n 23.4.2026 <a href=\"https:\/\/saavuta.fi\/koulutuskalenteri\/?a=view&amp;id=29\" target=\"_blank\" rel=\"noopener\">ilmoittautumislomakkeella<\/a><br>\r\n<strong>Tiedustelut sis\u00e4ll\u00f6ist\u00e4:<\/strong>\u00a0<a href=\"mailto:katja.burakoff@kvl.fi\">kaisa.martikainen@kvl.fi<\/a> tai 09 3480 9362.<\/p><h2>Muut koulutukset:<br>\r\n<br>\r\n<\/h2><h2>Voimauttavan vuorovaikutuksen syvent\u00e4v\u00e4 koulutus -verkkokoulutus (2,5 op)<\/h2><p>Oletko osallistunut Voimauttavan vuorovaikutuksen peruskoulutukseen? Oletko sosiaali-, terveys- tai opetusalan ammattilainen ja haluat syvent\u00e4\u00e4 taitojasi ja saada lis\u00e4\u00e4 varmuutta Voimauttavan vuorovaikutuksen toteuttamiseen?<\/p><p><strong>Voimauttavan vuorovaikutuksen syvent\u00e4v\u00e4 koulutus: <\/strong><\/p><ul>\r\n\t<li>toteutuu nelj\u00e4n osallistujan pienryhm\u00e4ss\u00e4<\/li>\r\n\t<li>kest\u00e4\u00e4 noin viisi kuukautta<\/li>\r\n\t<li>sis\u00e4lt\u00e4\u00e4 ennakkoteht\u00e4v\u00e4n<\/li>\r\n\t<li>nelj\u00e4 videopohjaista ohjausta hy\u00f6dynt\u00e4v\u00e4\u00e4 puolen p\u00e4iv\u00e4n l\u00e4hiopetusiltap\u00e4iv\u00e4\u00e4 verkossa, jossa osallistujat n\u00e4ytt\u00e4v\u00e4t kuvaamiaan vuorovaikutusvideoita jakamalla oman tietokoneensa n\u00e4ytt\u00f6\u00e4<\/li>\r\n\t<li>sis\u00e4lt\u00e4\u00e4 k\u00e4yt\u00e4nn\u00f6n harjoittelun Voimauttavasta vuorovaikutuksesta hy\u00f6tyv\u00e4n ihmisen kanssa<\/li>\r\n<\/ul><p><strong>Koulutuksen k\u00e4yty\u00e4si tunnistat, mit\u00e4 kommunikoinnin perustan taitoja puhevammainen ihminen harjoittelee, ja osaat<\/strong><\/p><ul>\r\n\t<li>olla voimauttava vuorovaikutuskumppani siten, ett\u00e4 toteutat Voimauttavan vuorovaikutuksen periaatteita<\/li>\r\n\t<li>tunnistaa, nimet\u00e4 ja pohtia omia ja muiden ammattilaisten Voimauttavan vuorovaikutuksen taitoja<\/li>\r\n\t<li>tallentaa ja kirjata molempien Voimauttavan vuorovaikutuksen osapuolten edistymist\u00e4.<\/li>\r\n<\/ul><p><strong>Koulutus pohjautuu:<\/strong><\/p><ul>\r\n\t<li>voimavaral\u00e4ht\u00f6isyyteen<\/li>\r\n\t<li>sensitiiviseen kumppanuuteen<\/li>\r\n\t<li>kokemukselliseen oppimiseen<\/li>\r\n\t<li>my\u00f6nteiseen ja tasavertaiseen ty\u00f6skentelytapaan<\/li>\r\n\t<li>yhdess\u00e4 oivaltamiseen<\/li>\r\n<\/ul><p><strong>Koulutus sis\u00e4lt\u00e4\u00e4:<\/strong><\/p><ul>\r\n\t<li>opetusta (4 x 0,5 p\u00e4iv\u00e4\u00e4)<\/li>\r\n\t<li>Voimauttavan vuorovaikutuksen harjoittelujakson asiakkaan kanssa (4 p\u00e4iv\u00e4\u00e4)<\/li>\r\n<\/ul><p><strong>Aika:\u00a0<\/strong>ennakkoteht\u00e4v\u00e4 elo-syyskuussa 2026, opetusp\u00e4iv\u00e4t 30.9.2026, 28.10.2026, 25.11.2026 ja 13.1.2027 klo 12.30-16<br>\r\n<strong>Kouluttaja: <\/strong>Voimauttavan vuorovaikutuksen koordinaattori Kaisa Martikainen<br>\r\n<strong>Paikka: <\/strong>koko koulutus toteutetaan verkkokoulutuksena <br>\r\n<strong>Hinta: <\/strong>630 \u20ac (567 \u20ac Kehitysvammaliiton j\u00e4senet)<br>\r\n<strong>Ilmoittautuminen:\u00a0 <\/strong>28.8.2026 menness\u00e4 <a href=\"https:\/\/www.kehitysvammaliitto.fi\/koulutus\/koulutuskalenteri\/?a=view&amp;id=1197\" target=\"_blank\" rel=\"noopener\">ilmoittautumislomakkeella<\/a><br>\r\n<strong>Tiedustelut j\u00e4rjestelyist\u00e4:<\/strong> <a href=\"mailto:tikoteekki@kvl.fi\">tikoteekki(at)kvl.fi<\/a> tai 09-3480 9223 (suunnittelija Marjo Timonen)<br>\r\n<strong>Tiedustelut sis\u00e4ll\u00f6ist\u00e4 ja tulevista koulutuksista: <\/strong><a href=\"https:\/\/www.kehitysvammaliitto.fi\/tikoteekki\/koulutus\/voimauttava-vuorovaikutus-koulutus\/kaisa.martikainen@kvl.fi\">kaisa.martikainen(at)kvl.fi<\/a><\/p><h2>Voimauttavan vuorovaikutuksen valmentajakoulutus -verkkokoulutus (2,5 op)<\/h2><p>Oletko osallistunut Voimauttavan vuorovaikutuksen perus- ja syvent\u00e4v\u00e4\u00e4n koulutukseen? Toteutatko itse Voimauttavaa vuorovaikutusta ty\u00f6ss\u00e4si ja haluat lis\u00e4\u00e4 taitoja valmentaa muita ammattilaisia tai asiakkaasi l\u00e4heisi\u00e4 toteuttamaan toimintatapaa puhevammaisen ihmisen kanssa?<\/p><p><strong>Voimauttavan vuorovaikutuksen valmentajakoulutus<\/strong><\/p><ul>\r\n\t<li>toteutuu nelj\u00e4n osallistujan pienryhm\u00e4ss\u00e4<\/li>\r\n\t<li>kest\u00e4\u00e4 viisi kuukautta<\/li>\r\n\t<li>sis\u00e4lt\u00e4\u00e4 ennakkoteht\u00e4v\u00e4n<\/li>\r\n\t<li>sis\u00e4lt\u00e4\u00e4 nelj\u00e4 videopohjaista ohjausta hy\u00f6dynt\u00e4v\u00e4\u00e4 puolen p\u00e4iv\u00e4n l\u00e4hiopetusiltap\u00e4iv\u00e4\u00e4 verkossa<\/li>\r\n\t<li>sis\u00e4lt\u00e4\u00e4 k\u00e4yt\u00e4nn\u00f6n valmennusharjoittelun omassa yhteis\u00f6ss\u00e4si tai asiakkaasi l\u00e4hi-ihmisten kanssa.<\/li>\r\n<\/ul><p><strong>Koulutuksen k\u00e4yty\u00e4si osaat<\/strong><\/p><ul>\r\n\t<li>tukea yhteis\u00f6\u00e4\/ohjattavaa aloittamaan Voimauttavan vuorovaikutuksen.<\/li>\r\n\t<li>hy\u00f6dynt\u00e4\u00e4 videota ja Voimauttavan vuorovaikutuksen toimintatapoja yksil\u00f6iden ja ryhmien ohjaamisessa.<\/li>\r\n\t<li>rohkaista yksil\u00f6it\u00e4 ja ryhmi\u00e4 siihen, ett\u00e4 innostus Voimauttavan vuorovaikutuksen toteuttamiseen s\u00e4ilyy.<\/li>\r\n<\/ul><p><strong>Koulutus pohjautuu<\/strong><\/p><ul>\r\n\t<li>voimavaral\u00e4ht\u00f6isyyteen<\/li>\r\n\t<li>sensitiiviseen kumppanuuteen<\/li>\r\n\t<li>kokemukselliseen oppimiseen<\/li>\r\n\t<li>my\u00f6nteiseen ja tasavertaiseen ty\u00f6skentelytapaan<\/li>\r\n\t<li>yhdess\u00e4 oivaltamiseen<\/li>\r\n<\/ul><p><strong>Koulutus sis\u00e4lt\u00e4\u00e4:<\/strong><\/p><ul>\r\n\t<li>koulutusta (4 x 0,5 p\u00e4iv\u00e4\u00e4)<\/li>\r\n\t<li>k\u00e4yt\u00e4nn\u00f6n harjoittelun, jossa valmennat Voimauttavaa vuorovaikutusta l\u00e4hi-ihmisille (4 p\u00e4iv\u00e4\u00e4)<\/li>\r\n<\/ul><p><strong>Aika: <\/strong>Ennakkoteht\u00e4v\u00e4 syys-lokakuussa. Opetusp\u00e4iv\u00e4t 22.10.2026, 3.12.2026, 21.1.2027 ja 4.3.2027 klo 12.30\u201316. Voimauttavan vuorovaikutuksen valmennusharjoittelu asiakkaan l\u00e4hipiirin kanssa opetusp\u00e4ivien v\u00e4lill\u00e4.<br>\r\n<strong>Kouluttajat: <\/strong>Voimauttavan vuorovaikutuksen koordinaattori Katja Burakoff<br>\r\n<strong>Paikka:<\/strong> koko koulutus toteutetaan verkkokoulutuksena<br>\r\n<strong>Hinta ja ilmoittautuminen: <\/strong>630 \u20ac (567 \u20ac Kehitysvammaliiton j\u00e4senet). Ilmoittautuminen 25.9.2026 menness\u00e4 <a href=\"https:\/\/www.kehitysvammaliitto.fi\/koulutus\/koulutuskalenteri\/?a=view&amp;id=1198\" target=\"_blank\" rel=\"noopener\">ilmoittautumislomakkeella<\/a>.\u00a0<br>\r\n<strong>Tiedustelut j\u00e4rjestelyist\u00e4:<\/strong> <a href=\"mailto:tikoteekki@kvl.fi\" target=\"_blank\" rel=\"noopener noreferrer\">tikoteekki(at)kvl.fi<\/a> tai 09-3480 9223 (suunnittelija Marjo Timonen)<br>\r\n<strong>Tiedustelut sis\u00e4ll\u00f6ist\u00e4:<\/strong> kaisa.martikainen(at)kvl.fi\u00a0<\/p><p>\u00a0<\/p>\n\n","protected":false},"excerpt":{"rendered":"\u00a0Kev\u00e4\u00e4ll\u00e4 2026Voimauttavan vuorovaikutuksen perusteet -verkkokoulutus (0,5 op)Voimauttavan vuorovaikutuksen perusteet -verkkokoulutuksen j\u00e4rjest\u00e4\u00e4 Saavuta Asiantuntijapalvelut Oy, joka on Kehitysvammaliiton kokonaan omistama yritys. Kehitysvammaliiton j\u00e4senet saavat koulutuksista kymmenen prosentin alennuksen.Voimauttava vuorovaikutus (Intensive Interaction) on toimintatapa, joka tukee vaikeasti kehitysvammaisen ja\/tai autismikirjon ihmisen vuorovaikutusta ja parantaa h\u00e4nen el\u00e4m\u00e4nlaatuaan. Koulutuksessa k\u00e4sitell\u00e4\u00e4n mm. kommunikoinnin perustaa, voimauttavan vuorovaikutuksen periaatteita ja toimintatavan toteuttamista [&hellip;]","protected":false},"author":1,"featured_media":1489,"parent":66,"menu_order":11,"comment_status":"closed","ping_status":"closed","template":"","meta":{"footnotes":""},"categories":[],"tags":[],"class_list":["post-135","page","type-page","status-publish","has-post-thumbnail","hentry"],"_links":{"self":[{"href":"https:\/\/www.kehitysvammaliitto.fi\/tikoteekki\/wp-json\/wp\/v2\/pages\/135","targetHints":{"allow":["GET"]}}],"collection":[{"href":"https:\/\/www.kehitysvammaliitto.fi\/tikoteekki\/wp-json\/wp\/v2\/pages"}],"about":[{"href":"https:\/\/www.kehitysvammaliitto.fi\/tikoteekki\/wp-json\/wp\/v2\/types\/page"}],"author":[{"embeddable":true,"href":"https:\/\/www.kehitysvammaliitto.fi\/tikoteekki\/wp-json\/wp\/v2\/users\/1"}],"replies":[{"embeddable":true,"href":"https:\/\/www.kehitysvammaliitto.fi\/tikoteekki\/wp-json\/wp\/v2\/comments?post=135"}],"version-history":[{"count":0,"href":"https:\/\/www.kehitysvammaliitto.fi\/tikoteekki\/wp-json\/wp\/v2\/pages\/135\/revisions"}],"up":[{"embeddable":true,"href":"https:\/\/www.kehitysvammaliitto.fi\/tikoteekki\/wp-json\/wp\/v2\/pages\/66"}],"wp:featuredmedia":[{"embeddable":true,"href":"https:\/\/www.kehitysvammaliitto.fi\/tikoteekki\/wp-json\/wp\/v2\/media\/1489"}],"wp:attachment":[{"href":"https:\/\/www.kehitysvammaliitto.fi\/tikoteekki\/wp-json\/wp\/v2\/media?parent=135"}],"wp:term":[{"taxonomy":"category","embeddable":true,"href":"https:\/\/www.kehitysvammaliitto.fi\/tikoteekki\/wp-json\/wp\/v2\/categories?post=135"},{"taxonomy":"post_tag","embeddable":true,"href":"https:\/\/www.kehitysvammaliitto.fi\/tikoteekki\/wp-json\/wp\/v2\/tags?post=135"}],"curies":[{"name":"wp","href":"https:\/\/api.w.org\/{rel}","templated":true}]}}