{"id":165,"date":"2018-06-12T19:43:40","date_gmt":"2018-06-12T16:43:40","guid":{"rendered":"https:\/\/www.kehitysvammaliitto.fi\/tikoteekki\/tuotteet\/taike\/"},"modified":"2023-02-28T13:37:44","modified_gmt":"2023-02-28T11:37:44","slug":"taike","status":"publish","type":"page","link":"https:\/\/www.kehitysvammaliitto.fi\/tikoteekki\/tuotteet\/taike\/","title":{"rendered":"TAIKE"},"content":{"rendered":"<p class=\"embed-responsive embed-responsive-16by9\"><iframe src=\"https:\/\/www.youtube.com\/embed\/iUf84JihPSQ?rel=0\" allowfullscreen=\"allowfullscreen\"><span style=\"display: inline-block; width: 0px; overflow: hidden; line-height: 0;\" data-mce-type=\"bookmark\" class=\"mce_SELRES_start\">\ufeff<\/span><\/iframe><\/p><h2>TAIKE-taulusto<\/h2><p>TAIKE-taulusto on monipuolinen kommunikointitaulustokokonaisuus henkil\u00f6lle, jonka tavoitteena on kommunikoida monipuolisesti kuvien avulla. TAIKE sis\u00e4lt\u00e4\u00e4 satoja kommunikointitauluja ja tukee vuorovaikutteista keskustelua. Se my\u00f6s taivuttaa merkeill\u00e4 rakennetut lauseet kieliopillisesti sujuvaksi suomeksi. Taulustoihin on valittavissa erilaisia kokonaisuuksia, joista k\u00e4ytt\u00e4j\u00e4lle sopiva valitaan kommunikoinnin arvioinnin perusteella.<\/p><p>TAIKE:sta on olemassa erilaiset versiokokonaisuudet kahdelle eri kommunikointiohjelmalle. TAIKE 2.2 on kehitetty k\u00e4ytett\u00e4v\u00e4ksi Boardmaker with Speaking Dynamically Pro -kommunikointiohjelman kanssa. TAIKE 3.0 on muokattu toimivaksi Tobii Communicator 5 -kommunikointiohjelmassa, joka mahdollistaa mm. laajemman tietokoneen hallinnan sek\u00e4 ymp\u00e4rist\u00f6nhallinnan k\u00e4yt\u00f6n saman ohjelman sis\u00e4ll\u00e4. T\u00e4m\u00e4n lis\u00e4ksi TAIKE 3.0 sis\u00e4lt\u00e4\u00e4 laajemman, rakenteeltaan kommunikaatiokansiota mukailevan aihepiiripohjaisen sanaston kuin TAIKE 2.2. Uutuutena kummassakin TAIKE:n versiossa on TAIKA-kommunikointitaulusto, joka sis\u00e4lt\u00e4\u00e4 TAIKE 2.2 -versiossa olevan kategoriasanaston omana kokonaisuutenaan ilman TAIKE:n muuta sis\u00e4lt\u00f6\u00e4.<\/p><p>TAIKE-taulusto on suunniteltu puhevammaisten henkil\u00f6iden kommunikointiv\u00e4lineeksi, mutta sit\u00e4 voidaan k\u00e4ytt\u00e4\u00e4 apuna my\u00f6s kielellisess\u00e4 harjoittelussa. Taulusto on oiva v\u00e4line mm. kielellisen tietoisuuden, lauseen muodostamisen, sanojen luokittelun, vuorottelun ja keskustelutaitojen harjaannuttamiseen.<\/p><h3>Miten TAIKE-tauluston saa?<\/h3><p>Puhevammainen henkil\u00f6 voi saada yksil\u00f6llisen TAIKE-tauluston ja sen toimintaan liittyv\u00e4t ohjelmat l\u00e4\u00e4kinn\u00e4llisen kuntoutuksen apuv\u00e4lineen\u00e4, mik\u00e4li h\u00e4nen katsotaan keskussairaalan apuv\u00e4line-\/kommunikaatiokeskuksen arvioinnissa hy\u00f6tyv\u00e4n siit\u00e4. Lis\u00e4tietoja arviointipalveluista <a href=\"http:\/\/www.papunet.net\/tikoteekkiverkosto\/\" target=\"_blank\" rel=\"noopener noreferrer\">www.tikoteekkiverkosto.fi<\/a><\/p><h3>Tilaukset<\/h3><p>TAIKE-taulusto on siirtynyt Kajo Apuv\u00e4lineet Oy:lle 1.4.2021. Tilaukset: <a href=\"mailto:info@kajo.fi\">info@kajo.fi<\/a><\/p><p><a class=\"button read external-link\" href=\"https:\/\/www.youtube.com\/channel\/UCM5tF-7ywCBr7swyKizY-iw\" target=\"_blank\" rel=\"noopener noreferrer\">Ohjevideot (YouTube\/Tikotuubi)<\/a><\/p><p><a href=\"https:\/\/www.kehitysvammaliitto.fi\/tikoteekki\/wp-content\/uploads\/sites\/2\/2018\/08\/TAIKEopas_2014_SDP.pdf\" target=\"_blank\" rel=\"noopener\">TAIKE-k\u00e4ytt\u00f6opas<\/a> (2014) (pdf)<\/p>\n\n","protected":false},"excerpt":{"rendered":"\ufeffTAIKE-taulustoTAIKE-taulusto on monipuolinen kommunikointitaulustokokonaisuus henkil\u00f6lle, jonka tavoitteena on kommunikoida monipuolisesti kuvien avulla. TAIKE sis\u00e4lt\u00e4\u00e4 satoja kommunikointitauluja ja tukee vuorovaikutteista keskustelua. Se my\u00f6s taivuttaa merkeill\u00e4 rakennetut lauseet kieliopillisesti sujuvaksi suomeksi. Taulustoihin on valittavissa erilaisia kokonaisuuksia, joista k\u00e4ytt\u00e4j\u00e4lle sopiva valitaan kommunikoinnin arvioinnin perusteella.TAIKE:sta on olemassa erilaiset versiokokonaisuudet kahdelle eri kommunikointiohjelmalle. TAIKE 2.2 on kehitetty k\u00e4ytett\u00e4v\u00e4ksi Boardmaker with [&hellip;]","protected":false},"author":1,"featured_media":0,"parent":98,"menu_order":5,"comment_status":"closed","ping_status":"closed","template":"","meta":{"footnotes":""},"categories":[],"tags":[],"class_list":["post-165","page","type-page","status-publish","hentry"],"_links":{"self":[{"href":"https:\/\/www.kehitysvammaliitto.fi\/tikoteekki\/wp-json\/wp\/v2\/pages\/165","targetHints":{"allow":["GET"]}}],"collection":[{"href":"https:\/\/www.kehitysvammaliitto.fi\/tikoteekki\/wp-json\/wp\/v2\/pages"}],"about":[{"href":"https:\/\/www.kehitysvammaliitto.fi\/tikoteekki\/wp-json\/wp\/v2\/types\/page"}],"author":[{"embeddable":true,"href":"https:\/\/www.kehitysvammaliitto.fi\/tikoteekki\/wp-json\/wp\/v2\/users\/1"}],"replies":[{"embeddable":true,"href":"https:\/\/www.kehitysvammaliitto.fi\/tikoteekki\/wp-json\/wp\/v2\/comments?post=165"}],"version-history":[{"count":0,"href":"https:\/\/www.kehitysvammaliitto.fi\/tikoteekki\/wp-json\/wp\/v2\/pages\/165\/revisions"}],"up":[{"embeddable":true,"href":"https:\/\/www.kehitysvammaliitto.fi\/tikoteekki\/wp-json\/wp\/v2\/pages\/98"}],"wp:attachment":[{"href":"https:\/\/www.kehitysvammaliitto.fi\/tikoteekki\/wp-json\/wp\/v2\/media?parent=165"}],"wp:term":[{"taxonomy":"category","embeddable":true,"href":"https:\/\/www.kehitysvammaliitto.fi\/tikoteekki\/wp-json\/wp\/v2\/categories?post=165"},{"taxonomy":"post_tag","embeddable":true,"href":"https:\/\/www.kehitysvammaliitto.fi\/tikoteekki\/wp-json\/wp\/v2\/tags?post=165"}],"curies":[{"name":"wp","href":"https:\/\/api.w.org\/{rel}","templated":true}]}}