{"id":166,"date":"2018-06-12T19:43:40","date_gmt":"2018-06-12T16:43:40","guid":{"rendered":"https:\/\/www.kehitysvammaliitto.fi\/tikoteekki\/tuotteet\/muu-materiaali\/"},"modified":"2026-01-14T09:46:32","modified_gmt":"2026-01-14T07:46:32","slug":"muu-materiaali","status":"publish","type":"page","link":"https:\/\/www.kehitysvammaliitto.fi\/tikoteekki\/tuotteet\/muu-materiaali\/","title":{"rendered":"Muu materiaali"},"content":{"rendered":"<h2>Verkosta ladattava materiaali:<\/h2><h3>Oppiminen yhdess\u00e4 olemalla<br>\r\n\u2013 Miten voimauttava vuorovaikutus voi auttaa autismin kirjon lastasi oppimaan luonnollisella tavalla<\/h3><p>Tikoteekissa on k\u00e4\u00e4nnetty englantilaisen Sara Moroza-Jamesin kirjoittama julkaisu <em>Oppiminen yhdess\u00e4 olemalla<\/em> (Learning through Social Connection). Kirjassaan Sara Moroza-James kuvaa voimauttavan vuorovaikutuksen menetelm\u00e4n k\u00e4ytt\u00f6\u00e4 autismin kirjon lasten kuntoutuksessa. Esimerkkin\u00e4\u00e4n h\u00e4n k\u00e4ytt\u00e4\u00e4 oman poikansa tarinaa. <a href=\"https:\/\/www.kehitysvammaliitto.fi\/tikoteekki\/wp-content\/uploads\/sites\/2\/2018\/07\/Oppiminen_yhdessae_olemalla.pdf\" target=\"_blank\" rel=\"noopener noreferrer\"><strong>Lataa julkaisu<\/strong><\/a> (pdf)<\/p><h3>Selvitys uusista teknologioista puhe- ja kehitysvammaisten kommunikaation tukemiseen<\/h3><p>Petteri Alinikulan Tikoteekille kes\u00e4ll\u00e4 2016 tekem\u00e4ss\u00e4 selvityksess\u00e4 visioidaan tulevaisuuden AAC-ty\u00f6kalua. Selvityksess\u00e4\u00e4n Alinikula pureutuu niihin mahdollisuuksiin, joita teknologioiden nopea kehitys tarjoaa AAC-kommunikointiohjelmille.<a href=\"https:\/\/www.kehitysvammaliitto.fi\/tikoteekki\/wp-content\/uploads\/sites\/2\/2018\/08\/Selvitys_uusista_teknologioisat_puhe-_ja_kehitysvammaisten_kommunikaation_tukemiseen.pdf\" target=\"_blank\" rel=\"noopener noreferrer\"><strong> Lataa selvitys<\/strong> <\/a>(pdf)<\/p><h3>Kommunikointi autetun asumisen yksik\u00f6iss\u00e4<\/h3><p>Tikoteekin vuonna 2015 tilaama selvitys kartoittaa puhevammaisten ihmisten kommunikointimahdollisuuksia autetun asumisen yksik\u00f6iss\u00e4 sek\u00e4 selvitt\u00e4\u00e4 kommunikointiin liittyvi\u00e4 kehitt\u00e4mistarpeita. Aihetta on k\u00e4sitelty ty\u00f6ntekij\u00f6iden kokemusten perusteella. Selvityksen on tehnyt VTT Elina Ekholm. <a href=\"https:\/\/www.kehitysvammaliitto.fi\/tikoteekki\/wp-content\/uploads\/sites\/2\/2018\/08\/Kommunikointi_autetun_asumisen_yksikoeissae_Ekholm_TikoteekkiFINAL.pdf\" target=\"_blank\" rel=\"noopener noreferrer\"><strong>Lataa selvitys<\/strong> <\/a>(pdf)<\/p><h3>Jokainen hetki on mahdollisuus<\/h3><p>Tutkimus OIVA-hankkeen yhteis\u00f6llisen ty\u00f6skentelytavan vaikutuksista. <a href=\"https:\/\/www.kehitysvammaliitto.fi\/tikoteekki\/wp-content\/uploads\/sites\/2\/2018\/07\/Jokainen-hetki-on-mahdollisuus_tutkimusrap.pdf\" target=\"_blank\" rel=\"noopener noreferrer\"><strong>Lataa raportti<\/strong><\/a> (pdf)<\/p><h3>Tikoteekin Opas-sarja<\/h3><p>Tikoteekki julkaisee esitesarjaa, jonka aiheita ovat mm. kommunikoinnin apuv\u00e4linepalvelut, tietotekniset apuv\u00e4lineratkaisut, vuorovaikutus, kuvien k\u00e4ytt\u00f6 kommunikoinnissa ja puhevammaisten tulkkauspalvelu. Oppaat ovat suomenkielisi\u00e4, mutta joitain niist\u00e4 on julkaistu my\u00f6s ruotsiksi, englanniksi ja ven\u00e4j\u00e4ksi sek\u00e4 kolmelle saamenkielelle.\u00a0 <a href=\"https:\/\/www.kehitysvammaliitto.fi\/tikoteekki\/wp-admin\/post.php?post=123&amp;action=edit\">Oppaat esitelty tarkemmin <\/a><a href=\"https:\/\/www.kehitysvammaliitto.fi\/tikoteekki\/tietoa\/oppaat\/\">Tietoa-osiossa<\/a>.<\/p><h3>HYP<sup>\u00ae<\/sup><\/h3><p>Papunetin-sivuille on koottu perehdytysmateriaali HYP-toimintamallista. Materiaalin avulla yhteis\u00f6t voivat ottaa toimintamallin k\u00e4ytt\u00f6\u00f6ns\u00e4.<\/p><p><a class=\"button read external-link\" href=\"https:\/\/papunet.net\/hypin-toteutus\/\" target=\"_blank\" rel=\"noopener noreferrer\">HYP-materiaali Papunetissa<\/a><\/p><h3>Voimauttava vuorovaikutus<sup>\u00ae<\/sup><\/h3><p>Voimauttava vuorovaikutus (Intensive Interaction) on k\u00e4yt\u00e4nn\u00f6nl\u00e4heinen tapa olla vuorovaikutuksessa varhaisten taitojen varassa viestivien ihmisten kanssa. Papunetin sivuille on koottu perehdytysmateriaali voimauttavan vuorovaikutuksen toteuttamisen tueksi.<\/p><p><a class=\"button read external-link\" href=\"https:\/\/papunet.net\/voimauttavan-vuorovaikutuksen-toteutus\/\" target=\"_blank\" rel=\"noopener noreferrer\">Voimauttava vuorovaikutus -materiaali Papunetissa<\/a><\/p><h3>Rohkaisin<sup>\u00ae<\/sup><\/h3><p>Rohkaisin on asenne ja toimintatapa, jonka avulla vahvistat puhumattoman, olemuskielisen ihmisen itsem\u00e4\u00e4r\u00e4\u00e4misoikeutta ja tuet h\u00e4nt\u00e4 tekem\u00e4\u00e4n p\u00e4\u00e4t\u00f6ksi\u00e4. Rohkaisin auttaa sinua tutustumaan tukea tarvitsevaan henkil\u00f6\u00f6n ja tulkitsemaan h\u00e4nen olemuskielell\u00e4 ilmaisemiaan mieltymyksi\u00e4.<\/p><p><a class=\"button read external-link\" href=\"https:\/\/www.kehitysvammaliitto.fi\/tikoteekki\/toimintamallit\/rohkaisin\/\" target=\"_blank\" rel=\"noopener noreferrer\">ROHKAISIN-MATERIAALIT<\/a><\/p><h3>Rohkaisin<sup>\u00ae\u00a0<\/sup>(p\u00e5 svenska)<\/h3><p>Rohkaisin \u00e4r en attityd och en arbetsmetod som hj\u00e4lper dig att st\u00e4rka och st\u00f6dja sj\u00e4lvbest\u00e4mmander\u00e4tten och beslutsfattandet f\u00f6r en person som saknar ett talat spr\u00e5k och som kommunicerar med hj\u00e4lp av kroppen (olemuskieli p\u00e5 finska). Rohkaisin\u00a0hj\u00e4lper dig att bekanta dig med personen som \u00e4r i behov av st\u00f6d och att tolka de preferenser som hen uttrycker med sin kropp.\u00a0<\/p><p><a class=\"button read external-link\" href=\"https:\/\/www.kehitysvammaliitto.fi\/tikoteekki\/toimintamallit\/rohkaisin-pa-svenska\/\" target=\"_blank\" rel=\"noopener noreferrer\"> ROHKAISIN-MATERIAL<\/a><\/p>\n\n","protected":false},"excerpt":{"rendered":"Verkosta ladattava materiaali:Oppiminen yhdess\u00e4 olemalla \u2013 Miten voimauttava vuorovaikutus voi auttaa autismin kirjon lastasi oppimaan luonnollisella tavallaTikoteekissa on k\u00e4\u00e4nnetty englantilaisen Sara Moroza-Jamesin kirjoittama julkaisu Oppiminen yhdess\u00e4 olemalla (Learning through Social Connection). Kirjassaan Sara Moroza-James kuvaa voimauttavan vuorovaikutuksen menetelm\u00e4n k\u00e4ytt\u00f6\u00e4 autismin kirjon lasten kuntoutuksessa. Esimerkkin\u00e4\u00e4n h\u00e4n k\u00e4ytt\u00e4\u00e4 oman poikansa tarinaa. Lataa julkaisu (pdf)Selvitys uusista teknologioista puhe- [&hellip;]","protected":false},"author":1,"featured_media":403,"parent":98,"menu_order":6,"comment_status":"closed","ping_status":"closed","template":"","meta":{"footnotes":""},"categories":[],"tags":[],"class_list":["post-166","page","type-page","status-publish","has-post-thumbnail","hentry"],"_links":{"self":[{"href":"https:\/\/www.kehitysvammaliitto.fi\/tikoteekki\/wp-json\/wp\/v2\/pages\/166","targetHints":{"allow":["GET"]}}],"collection":[{"href":"https:\/\/www.kehitysvammaliitto.fi\/tikoteekki\/wp-json\/wp\/v2\/pages"}],"about":[{"href":"https:\/\/www.kehitysvammaliitto.fi\/tikoteekki\/wp-json\/wp\/v2\/types\/page"}],"author":[{"embeddable":true,"href":"https:\/\/www.kehitysvammaliitto.fi\/tikoteekki\/wp-json\/wp\/v2\/users\/1"}],"replies":[{"embeddable":true,"href":"https:\/\/www.kehitysvammaliitto.fi\/tikoteekki\/wp-json\/wp\/v2\/comments?post=166"}],"version-history":[{"count":0,"href":"https:\/\/www.kehitysvammaliitto.fi\/tikoteekki\/wp-json\/wp\/v2\/pages\/166\/revisions"}],"up":[{"embeddable":true,"href":"https:\/\/www.kehitysvammaliitto.fi\/tikoteekki\/wp-json\/wp\/v2\/pages\/98"}],"wp:featuredmedia":[{"embeddable":true,"href":"https:\/\/www.kehitysvammaliitto.fi\/tikoteekki\/wp-json\/wp\/v2\/media\/403"}],"wp:attachment":[{"href":"https:\/\/www.kehitysvammaliitto.fi\/tikoteekki\/wp-json\/wp\/v2\/media?parent=166"}],"wp:term":[{"taxonomy":"category","embeddable":true,"href":"https:\/\/www.kehitysvammaliitto.fi\/tikoteekki\/wp-json\/wp\/v2\/categories?post=166"},{"taxonomy":"post_tag","embeddable":true,"href":"https:\/\/www.kehitysvammaliitto.fi\/tikoteekki\/wp-json\/wp\/v2\/tags?post=166"}],"curies":[{"name":"wp","href":"https:\/\/api.w.org\/{rel}","templated":true}]}}