{"id":168,"date":"2018-06-12T19:51:04","date_gmt":"2018-06-12T16:51:04","guid":{"rendered":"https:\/\/www.kehitysvammaliitto.fi\/tikoteekki\/toimintamallit\/hyp\/"},"modified":"2025-09-04T13:22:01","modified_gmt":"2025-09-04T10:22:01","slug":"hyp","status":"publish","type":"page","link":"https:\/\/www.kehitysvammaliitto.fi\/tikoteekki\/toimintamallit\/hyp\/","title":{"rendered":"HYP"},"content":{"rendered":"<h2>HYP\u00ae \u2013 lis\u00e4\u00e4 mukavaa yhdess\u00e4oloa<\/h2><p><em>HYP on toimintamalli, jolla varmistetaan, ett\u00e4 jokaisella ihmisell\u00e4 on p\u00e4ivitt\u00e4in mukavia vuorovaikutushetki\u00e4.<\/em><\/p><p><iframe src=\"\/\/www.youtube.com\/embed\/1lPuXhASFJ0\" allowfullscreen=\"allowfullscreen\"><\/iframe><\/p><table class=\"table\" style=\"width: 100%; border-collapse: collapse; background-color: #e3eaf2; height: 97px;\">\r\n<tbody>\r\n<tr style=\"height: 97px;\">\r\n<td style=\"width: 100%; height: 97px;\">\r\n<p>HYP Huomioivan yhdess\u00e4olon malli HYP on tapa olla ihmisten kanssa, joille vuorovaikutus ei ole helppoa. HYP antaa sys\u00e4yksen yhdess\u00e4oloon. Sen avulla voi varmistaa, ett\u00e4 kukaan ei j\u00e4\u00e4 yksin. HYP-mallia voi k\u00e4ytt\u00e4\u00e4 muun muassa asumis- ja p\u00e4iv\u00e4toimintayksik\u00f6iss\u00e4, p\u00e4iv\u00e4kodeissa ja kouluissa. Tikoteekin Suomeen tuoman ja k\u00e4\u00e4nt\u00e4m\u00e4n toimintamallin on kehitt\u00e4nyt australialainen puheterapeutti ja tutkija Sheridan Forster. Malli on englanniksi Hanging Out Program HOP. T\u00e4ll\u00e4 videolla kerrotaan, mik\u00e4 HYP on, miksi HYP on t\u00e4rke\u00e4\u00e4 ja miten HYP-hetki\u00e4 toteutetaan.<\/p>\r\n<\/td>\r\n<\/tr>\r\n<\/tbody>\r\n<\/table><p>Jotkut vaikeasti puhevammaiset ihmiset ovat vaarassa j\u00e4\u00e4d\u00e4 yhteis\u00f6iss\u00e4\u00e4n ilman aitoa kanssak\u00e4ymist\u00e4 muiden kanssa. He eiv\u00e4t osaa tehd\u00e4 aloitteita vuorovaikutukseen tai heid\u00e4n viestej\u00e4\u00e4n ei huomata. P\u00e4ivitt\u00e4iset vuorovaikutustilanteet rajoittuvat monesti vain lyhyisiin hetkiin \u2013 tervehdyksiin tai pukeutumiseen ja ruokailuun liittyviin toimiin.<\/p><p><strong>Huomioivan yhdess\u00e4olon malli<\/strong> (HYP) on tapa olla vuorovaikutuksessa paljon tukea tarvitsevien ihmisten kanssa. HYP perustuu australialaisen puheterapeutin Sheridan Forsterin luomaan HOP-toimintamalliin (engl. <em>Hanging Out Program. Interaction for People at Risk of Isolation<\/em>, 2008). Huomioivan yhdess\u00e4olon mallia voi k\u00e4ytt\u00e4\u00e4 muun muassa asumis- ja p\u00e4iv\u00e4toimintayksik\u00f6iss\u00e4, p\u00e4iv\u00e4kodeissa ja kouluissa.<\/p><p>HYP-mallin voi ottaa helposti k\u00e4ytt\u00f6\u00f6n. Sen avulla yhteis\u00f6 voi p\u00e4\u00e4st\u00e4 liikkeelle vuorovaikutuksen vahvistamisessa. Malli on yksinkertainen toteuttaa. Ty\u00f6ntekij\u00e4 sitoutuu olemaan p\u00e4ivitt\u00e4in 10 minuuttia puhevammaisen ihmisen kanssa. Hetken ainoa tavoite on yhdess\u00e4olo.<\/p><p><strong>N\u00e4in toteutat HYPi\u00e4:<\/strong><\/p><ul style=\"list-style-type: disc;\">\r\n\t<li>Varaa v\u00e4hint\u00e4\u00e4n 10 minuuttia yhteist\u00e4 aikaa.<\/li>\r\n\t<li>Liity mukaan h\u00e4nt\u00e4 kiinnostavaan tekemiseen tai keskustelunaiheeseen.<\/li>\r\n\t<li>Keskity ja ole 100 % l\u00e4sn\u00e4, vain h\u00e4nt\u00e4 varten.<\/li>\r\n\t<li>Toista t\u00e4t\u00e4 p\u00e4ivitt\u00e4in.<\/li>\r\n<\/ul><p>Tikoteekki on suomentanut ja julkaissut Papunetin sivuille materiaalia, jonka avulla yhteis\u00f6t voivat ottaa HYP-toimintamallin k\u00e4ytt\u00f6\u00f6n. Lis\u00e4ksi Kehitysvammaliiton omistama Saavuta Asiantuntijapalvelut Oy tarjoaa HYP-verkkokursseja. <a href=\"https:\/\/saavuta.fi\/kehitys-ja-puhevammaisuus\/verkkokurssit\/hyp-hyvaa-yhdessa-oloa-paivittain\/\" target=\"_blank\" rel=\"noopener\">Lue lis\u00e4\u00e4 HYP-koulutuksista Saavuta-verkkosivuilta<\/a>. <br>\r\n<br>\r\nLis\u00e4tietoja: katja.burakoff(at)kvl.fi<\/p><h3>HYP-toimintatavan teoriatausta ja tutkimusn\u00e4ytt\u00f6<\/h3><p>HYP-toiminnan l\u00e4ht\u00f6kohtana on n\u00e4kemys, ett\u00e4 jokainen ihminen tarvitsee p\u00e4ivitt\u00e4in vuorovaikutusta, jossa keskityt\u00e4\u00e4n t\u00e4ysin vain h\u00e4neen. My\u00f6s kommunikoinnissaan paljon tukea tarvitsevalle ihmisille on t\u00e4rke\u00e4\u00e4, ett\u00e4 h\u00e4nen l\u00e4hi-ihmisens\u00e4 luovat mahdollisuuksia ja antavat aikaa monimuotoiselle sosiaaliselle vuorovaikutukselle ja ett\u00e4 organisaatioissa vuorovaikutus n\u00e4hd\u00e4\u00e4n keskeiseksi kehitt\u00e4misen kohteeksi.<\/p><p>HYP-toimintatavan vaikutuksista ei viel\u00e4 ole saatavilla julkaistuja, vertaisarvioituja tutkimuksia. Vaikutuksia on kuitenkin tarkasteltu mallin kehitt\u00e4j\u00e4n Sheridan Forsterin yhdess\u00e4 julkaisemattomassa l\u00e4hteess\u00e4. Suomessa HYP-toimintapaa on tutkittu opinn\u00e4ytet\u00f6iden tasolla. Tulosten perusteella ty\u00f6ntekij\u00e4t kokivat toimintatavan hy\u00f6dylliseksi, ja he kuvailivat oppineensa sen avulla tuntemaan asiakastaan paremmin. Haastateltavat kertoivat l\u00f6yt\u00e4neens\u00e4 HYP-menetelm\u00e4n avulla yhteyden heille ennalta tuntemattomiin ihmisiin. Tulosten mukaan my\u00f6s erityisesti tutkittavien katsekontaktin k\u00e4ytt\u00f6 ja kumppaniin suuntautuminen vahvistuivat.<\/p><p>T\u00e4h\u00e4n menness\u00e4 HYP-toiminnasta tehtyjen tutkimusten perusteella vaikuttaa siis silt\u00e4, ett\u00e4 kestoltaan lyhyill\u00e4, arkiymp\u00e4rist\u00f6ss\u00e4 p\u00e4ivitt\u00e4in toteutetuilla, my\u00f6nteisill\u00e4 vuorovaikutushetkill\u00e4 voi olla positiivisia vaikutuksia paljon tukea tarvitsevien ihmisten ja heid\u00e4n kumppaneidensa v\u00e4liseen vuorovaikutukseen. My\u00f6s muista sosiaalista vuorovaikutusta ja vuorovaikutussuhteen laatua vahvistavista toimintavoista tehdyiss\u00e4 tutkimuksissa on saatu samansuuntaisia tuloksia.<\/p><p><a href=\"https:\/\/www.kehitysvammaliitto.fi\/tikoteekki\/wp-content\/uploads\/sites\/2\/2021\/02\/HYP_EBP_esite_saav.pdf\" target=\"_blank\" rel=\"noopener\">Lataa koko artikkeli HYP-toimintatavan teoriataustasta ja tutkimusn\u00e4yt\u00f6st\u00e4<\/a> (pdf)<\/p><h3>Esitteet<\/h3><p><a class=\"require-download-form\" href=\"#\" target=\"_blank\" rel=\"noopener noreferrer\" data-id=\"QXAwTE96UlJVKzIxcVF3ckl1OTJ2MzM1R0dOVk9YRDF0STJrS3FZTVRvQlFxTnBWVUM0Z1JqK3IxVVBQc2xZVkNqNHZDWTdCeThIdmVzTjVMNlA5ZGErdVdmdG5tRHdxbWVkamlrT2pwbUpBdWFzUkFUaDBZZElWVHpPNU5Vc1U=\" data-page=\"UlV6Z3BjaEp4SmRWYTVwOVk1cmgzdz09\" id=\"dl-hwgj-001\">HYP-esite suomeksi (pdf)<\/a><br>\r\n<a class=\"require-download-form\" href=\"#\" target=\"_blank\" rel=\"noopener noreferrer\" data-id=\"QXAwTE96UlJVKzIxcVF3ckl1OTJ2MzM1R0dOVk9YRDF0STJrS3FZTVRvQlFxTnBWVUM0Z1JqK3IxVVBQc2xZVkNqNHZDWTdCeThIdmVzTjVMNlA5ZGJVRFI1VG9BcVV4ZzlsTzZuaC9LYzB4cDF4L2tOWFUvcTNEblJGZWE2eVQ2L2xzOEN0Nktwc0xMNkw4bUpmazJBPT0=\" data-page=\"UlV6Z3BjaEp4SmRWYTVwOVk1cmgzdz09\" id=\"dl-1blj-002\">HYP p\u00e5 svenska (pdf)<\/a><br>\r\n<a class=\"require-download-form\" href=\"#\" target=\"_blank\" rel=\"noopener noreferrer\" data-id=\"QXAwTE96UlJVKzIxcVF3ckl1OTJ2MzM1R0dOVk9YRDF0STJrS3FZTVRvQlFxTnBWVUM0Z1JqK3IxVVBQc2xZVkNqNHZDWTdCeThIdmVzTjVMNlA5ZGJVRFI1VG9BcVV4ZzlsTzZuaC9LYzN5Q1VzeHdLZzE2R0JwUnd3S3Bra0xVeDhZZXo0TlhzSEVwUmpiREFJM29RPT0=\" data-page=\"UlV6Z3BjaEp4SmRWYTVwOVk1cmgzdz09\" id=\"dl-nlq6-003\">HOP in English (pdf)<\/a><\/p><p><a class=\"require-download-form\" href=\"#\" data-id=\"QXAwTE96UlJVKzIxcVF3ckl1OTJ2MzM1R0dOVk9YRDF0STJrS3FZTVRvQlFxTnBWVUM0Z1JqK3IxVVBQc2xZVkNqNHZDWTdCeThIdmVzTjVMNlA5ZFlBbFdlZUpxNDZNVlJSU3g4MW50ZVBzeFlLbDQzS1E1cG5CREhuc0tPelVZekZIMVVUeGJDaDRLbGU1TFZTSlBnPT0=\" data-page=\"UlV6Z3BjaEp4SmRWYTVwOVk1cmgzdz09\" id=\"dl-t49u-004\">HYP-opas (pdf)<\/a><\/p><h3>Opinn\u00e4ytteet<\/h3><p>\u201dYhteinen hetki -kortit: vaikeimmin kehitysvammaisten ihmisten vuorovaikutuksen tueksi.\u201d<br>\r\n<a href=\"https:\/\/www.theseus.fi\/handle\/10024\/789007\" target=\"_blank\" rel=\"noopener\">Krista Kaposen opinn\u00e4ytety\u00f6<\/a> (sosionomi AMK, Laurea 2022)<br>\r\n<a href=\"https:\/\/www.kehitysvammaliitto.fi\/tikoteekki\/wp-content\/uploads\/sites\/2\/2023\/02\/Kayttoohjeet-ja-kortit-23.11-PDF-tiedosto.pdf\" target=\"_blank\" rel=\"noopener\">Yhteinen hetki -kortit ja k\u00e4ytt\u00f6hjeet, tulostettava materiaali (pdf)<\/a><\/p><p>\u201dKymmeneksi minuutiksi ehtii kyll\u00e4 pys\u00e4htym\u00e4\u00e4n\u201d Vuorovaikutuksen voimavarana HYP-malli. <br>\r\n<a href=\"https:\/\/www.kehitysvammaliitto.fi\/tikoteekki\/wp-content\/uploads\/sites\/2\/2018\/07\/Assi_Rohiola_pg_2015.pdf\" target=\"_blank\" rel=\"noopener noreferrer\">Assi Rohiolan pro gradu -tutkielma<\/a> (pdf, 3 mt)<\/p><p>\u201dAssessing the effect of a HOP therapy period on preverbal communication skills in adults with profound intellectual disabilities \u2013 a multiple single subject study\u201d.<br>\r\n<a href=\"http:\/\/www.doria.fi\/bitstream\/handle\/10024\/167062\/lindholm_rebecka.pdf?sequence=2&amp;isAllowed=y\" target=\"_blank\" rel=\"noopener noreferrer\">Rebecka Lindholmin tekem\u00e4 pro gradu tutkielma<\/a> (www.doria.fi)<\/p><p>\u201dOlemuskielell\u00e4 osalliseksi. Vapaaehtoisten kokemuksia Huomioivan yhdess\u00e4olon toimintamallin (HYP) k\u00e4yt\u00f6st\u00e4 vuorovaikutuksen tukena.\u201d <a href=\"https:\/\/www.kehitysvammaliitto.fi\/tikoteekki\/wp-content\/uploads\/sites\/2\/2020\/05\/Lahti_Silva_opinn%C3%A4ytety%C3%B6_HYP.pdf\" target=\"_blank\" rel=\"noopener noreferrer\">Silva Lahden opinn\u00e4yte<\/a> (pdf, 617 kt)<\/p><p><iframe src=\"\/\/www.youtube.com\/embed\/Ic1edIczHxc?t=11s\" allowfullscreen=\"allowfullscreen\"><\/iframe><\/p><table class=\"table\" style=\"width: 100%; border-collapse: collapse; background-color: #e3eaf2; height: 97px;\">\r\n<tbody>\r\n<tr style=\"height: 97px;\">\r\n<td style=\"width: 100%; height: 97px;\">\r\n<p>Huomioivan yhdess\u00e4olon malli HYP on tapa olla ihmisten kanssa, joille vuorovaikutus ei ole helppoa. HYP antaa sys\u00e4yksen yhdess\u00e4oloon. Sen avulla voi varmistaa, ett\u00e4 kukaan ei j\u00e4\u00e4 yksin. HYP-mallia voi k\u00e4ytt\u00e4\u00e4 muun muassa asumis- ja p\u00e4iv\u00e4toimintayksik\u00f6iss\u00e4, p\u00e4iv\u00e4kodeissa ja kouluissa. Videolla n\u00e4emme HYP-hetki\u00e4 syntym\u00e4st\u00e4\u00e4n kuurosokean ihmisen kanssa ja kuulemme ryhm\u00e4kodin ty\u00f6ntekij\u00f6iden kokemuksia HYP-hetkist\u00e4 ja siit\u00e4, mit\u00e4 vaikutusta niill\u00e4 on ollut vuorovaikutukseen ja el\u00e4m\u00e4nlaatuun. Video on tuotettu Viitasaaren kaupungin ryhm\u00e4koti Wiitalinnan, Suomen Kuurosokeat ry:n ja Kehitysvammaliiton Tikoteekin yhteisty\u00f6n\u00e4.<\/p>\r\n<p>\u00a0<\/p>\r\n<\/td>\r\n<\/tr>\r\n<\/tbody>\r\n<\/table><p>\u00a0<\/p><p class=\"embed-responsive embed-responsive-16by9\"><iframe src=\"\/\/www.youtube.com\/embed\/kGHXgV9ysgE\" allowfullscreen=\"allowfullscreen\"><\/iframe><\/p><table class=\"table\" style=\"width: 100%; border-collapse: collapse; background-color: #e3eaf2; height: 97px;\">\r\n<tbody>\r\n<tr style=\"height: 97px;\">\r\n<td style=\"width: 100%; height: 97px;\">\r\n<p>Videolla kerrotaan Timon tarina. Timo asuu Pirkanmaan sairaanhoitopiirin kehitysvammahuollon tukikeskuksessa nuorten kuntoutusosastolla. Aiemmin h\u00e4nen tapansa l\u00e4hesty\u00e4 toisia ihmisi\u00e4 olivat niin pelottavia, ett\u00e4 harva uskaltautui l\u00e4hiet\u00e4isyydelle h\u00e4nen kanssaan. Ty\u00f6ntekij\u00e4t halusivat luoda paremman kontaktin Timoon ja k\u00e4ynnistiv\u00e4t p\u00e4ivitt\u00e4iset HYP-hetket h\u00e4nen kanssaan. T\u00e4m\u00e4n seurauksena Timo alkoi nauttia yhdess\u00e4olosta toisten kanssa. Video sis\u00e4lt\u00e4\u00e4 HYP-tilanteissa kuvattuja videoita ja ty\u00f6ntekij\u00f6iden ajatuksia. Nuorten kuntoutusosastolla asuu muitakin Timon kaltaisia nuoria, jotka tarvitsevat sek\u00e4 omaa rauhaa ett\u00e4 rohkaisua yhdess\u00e4oloon. Timo voi halutessaan l\u00e4hte\u00e4 huoneestaan milloin vain tai p\u00e4\u00e4tt\u00e4\u00e4, kenet h\u00e4n p\u00e4\u00e4st\u00e4\u00e4 luokseen.<\/p>\r\n<\/td>\r\n<\/tr>\r\n<\/tbody>\r\n<\/table><p>\u00a0<\/p><p><a class=\"button read external-link\" href=\"https:\/\/papunet.net\/tietoa\/toimintamalleja-ja-menetelmia\/huomioivan-yhdessaolon-toimintamalli-hyp\/\" target=\"_blank\" rel=\"noopener noreferrer\">HYP-PEREHDYTYSMATERIAALI PAPUNETISSA<\/a><\/p><p><a class=\"button read external-link\" href=\"https:\/\/sheridanforster.com.au\/services\/hanging-out-program-hop\/\">Hop Sheridan Forsterin verkkosivuilla<\/a><\/p><p><img loading=\"lazy\" decoding=\"async\" width=\"1140\" height=\"360\" class=\"alignnone size-full wp-image-459 img-responsive\" src=\"https:\/\/www.kehitysvammaliitto.fi\/tikoteekki\/wp-content\/uploads\/sites\/2\/2018\/09\/HYP_logologo.jpg\" alt=\"\" srcset=\"https:\/\/www.kehitysvammaliitto.fi\/tikoteekki\/wp-content\/uploads\/sites\/2\/2018\/09\/HYP_logologo.jpg 1140w, https:\/\/www.kehitysvammaliitto.fi\/tikoteekki\/wp-content\/uploads\/sites\/2\/2018\/09\/HYP_logologo-300x95.jpg 300w, https:\/\/www.kehitysvammaliitto.fi\/tikoteekki\/wp-content\/uploads\/sites\/2\/2018\/09\/HYP_logologo-768x243.jpg 768w, https:\/\/www.kehitysvammaliitto.fi\/tikoteekki\/wp-content\/uploads\/sites\/2\/2018\/09\/HYP_logologo-1024x323.jpg 1024w\" sizes=\"auto, (max-width: 1140px) 100vw, 1140px\" \/><\/p>\n\n","protected":false},"excerpt":{"rendered":"HYP\u00ae \u2013 lis\u00e4\u00e4 mukavaa yhdess\u00e4oloaHYP on toimintamalli, jolla varmistetaan, ett\u00e4 jokaisella ihmisell\u00e4 on p\u00e4ivitt\u00e4in mukavia vuorovaikutushetki\u00e4. HYP Huomioivan yhdess\u00e4olon malli HYP on tapa olla ihmisten kanssa, joille vuorovaikutus ei ole helppoa. HYP antaa sys\u00e4yksen yhdess\u00e4oloon. Sen avulla voi varmistaa, ett\u00e4 kukaan ei j\u00e4\u00e4 yksin. HYP-mallia voi k\u00e4ytt\u00e4\u00e4 muun muassa asumis- ja p\u00e4iv\u00e4toimintayksik\u00f6iss\u00e4, p\u00e4iv\u00e4kodeissa ja kouluissa. [&hellip;]","protected":false},"author":1,"featured_media":1211,"parent":118,"menu_order":7,"comment_status":"closed","ping_status":"closed","template":"","meta":{"footnotes":""},"categories":[],"tags":[],"class_list":["post-168","page","type-page","status-publish","has-post-thumbnail","hentry"],"_links":{"self":[{"href":"https:\/\/www.kehitysvammaliitto.fi\/tikoteekki\/wp-json\/wp\/v2\/pages\/168","targetHints":{"allow":["GET"]}}],"collection":[{"href":"https:\/\/www.kehitysvammaliitto.fi\/tikoteekki\/wp-json\/wp\/v2\/pages"}],"about":[{"href":"https:\/\/www.kehitysvammaliitto.fi\/tikoteekki\/wp-json\/wp\/v2\/types\/page"}],"author":[{"embeddable":true,"href":"https:\/\/www.kehitysvammaliitto.fi\/tikoteekki\/wp-json\/wp\/v2\/users\/1"}],"replies":[{"embeddable":true,"href":"https:\/\/www.kehitysvammaliitto.fi\/tikoteekki\/wp-json\/wp\/v2\/comments?post=168"}],"version-history":[{"count":0,"href":"https:\/\/www.kehitysvammaliitto.fi\/tikoteekki\/wp-json\/wp\/v2\/pages\/168\/revisions"}],"up":[{"embeddable":true,"href":"https:\/\/www.kehitysvammaliitto.fi\/tikoteekki\/wp-json\/wp\/v2\/pages\/118"}],"wp:featuredmedia":[{"embeddable":true,"href":"https:\/\/www.kehitysvammaliitto.fi\/tikoteekki\/wp-json\/wp\/v2\/media\/1211"}],"wp:attachment":[{"href":"https:\/\/www.kehitysvammaliitto.fi\/tikoteekki\/wp-json\/wp\/v2\/media?parent=168"}],"wp:term":[{"taxonomy":"category","embeddable":true,"href":"https:\/\/www.kehitysvammaliitto.fi\/tikoteekki\/wp-json\/wp\/v2\/categories?post=168"},{"taxonomy":"post_tag","embeddable":true,"href":"https:\/\/www.kehitysvammaliitto.fi\/tikoteekki\/wp-json\/wp\/v2\/tags?post=168"}],"curies":[{"name":"wp","href":"https:\/\/api.w.org\/{rel}","templated":true}]}}