{"id":1705,"date":"2026-01-15T10:30:58","date_gmt":"2026-01-15T08:30:58","guid":{"rendered":"https:\/\/www.kehitysvammaliitto.fi\/tikoteekki\/?page_id=1705"},"modified":"2026-01-22T08:29:00","modified_gmt":"2026-01-22T06:29:00","slug":"ilona-hetki-lapselle","status":"publish","type":"page","link":"https:\/\/www.kehitysvammaliitto.fi\/tikoteekki\/toimintamallit\/ilona-hetki-lapselle\/","title":{"rendered":"ILONA &#8211; Hetki lapselle"},"content":{"rendered":"<p><figure id=\"attachment_1713\" aria-describedby=\"caption-attachment-1713\" class=\"wp-caption aligncenter\"><img loading=\"lazy\" decoding=\"async\" width=\"1024\" height=\"323\" class=\"wp-image-1713 size-large img-responsive\" src=\"https:\/\/www.kehitysvammaliitto.fi\/tikoteekki\/wp-content\/uploads\/sites\/2\/2025\/12\/ilona-verkkosivut-01-1024x323.png\" alt=\"\" srcset=\"https:\/\/www.kehitysvammaliitto.fi\/tikoteekki\/wp-content\/uploads\/sites\/2\/2025\/12\/ilona-verkkosivut-01-1024x323.png 1024w, https:\/\/www.kehitysvammaliitto.fi\/tikoteekki\/wp-content\/uploads\/sites\/2\/2025\/12\/ilona-verkkosivut-01-300x95.png 300w, https:\/\/www.kehitysvammaliitto.fi\/tikoteekki\/wp-content\/uploads\/sites\/2\/2025\/12\/ilona-verkkosivut-01-768x243.png 768w, https:\/\/www.kehitysvammaliitto.fi\/tikoteekki\/wp-content\/uploads\/sites\/2\/2025\/12\/ilona-verkkosivut-01.png 1140w\" sizes=\"auto, (max-width: 1024px) 100vw, 1024px\" \/><figcaption id=\"caption-attachment-1713\" class=\"wp-caption-text\">Kuva: Jenni K\u00e4rn\u00e4-Escalante<\/figcaption><\/figure>\r\n\r\n<\/p><h3>Lis\u00e4\u00e4 iloa yhdess\u00e4oloon<\/h3><p>ILONA-hetket sis\u00e4lt\u00e4\u00e4 10 korttia, joiden avulla vanhemmat voivat lis\u00e4t\u00e4 kiireet\u00f6nt\u00e4 ja rentoa yhdess\u00e4oloa lapsen kanssa. Hetkien tarkoituksena on unohtaa suunnitelmat ja tavoitteet \u2013 ja vain olla yhdess\u00e4. Jokaisessa kortissa kerrotaan, miksi hetki on t\u00e4rke\u00e4, ja annetaan k\u00e4yt\u00e4nn\u00f6n ohjeet aikuiselle. Mukana on my\u00f6s videoesimerkki, joka havainnollistaa, miten hetken voi toteuttaa.<\/p><h4>Tukea vuorovaikutuksen kehitykseen<\/h4><p>Tikoteekki on kehitt\u00e4nyt ILONA-hetket yhdess\u00e4 perheiden kanssa. ILONA on suunnattu lapsille, jotka tarvitsevat tukea yhdess\u00e4oloon ja vuorovaikutukseen. Ne sopivat esimerkiksi kehitysvammaisille, aistimonivammaisille tai autismikirjon lapsille. ILONA-hetki\u00e4 voi toteuttaa kotona, varhaiskasvatuksessa ja muissa lapsen arkiymp\u00e4rist\u00f6iss\u00e4.\u00a0<\/p><p><iframe src=\"\/\/www.youtube.com\/embed\/F60Y4TIUCRA?si=uQZ772Lph-aOJBPx\" allowfullscreen=\"allowfullscreen\"><\/iframe><\/p><table class=\"table\" style=\"width: 100%; border-collapse: collapse; background-color: #e3eaf2; height: 97px;\">\r\n<tbody>\r\n<tr style=\"height: 97px;\">\r\n<td style=\"width: 100%; height: 97px;\">\r\n<p>Videolla kerrotaan ILONA-hetkien taustasta, sis\u00e4ll\u00f6st\u00e4 ja toteutuksesta. ILONA tuo lis\u00e4\u00e4 iloa ja kiireett\u00f6myytt\u00e4 lapsen ja vanhemman yhteisiin hetkiin. ILONA-hetket perustuvat lapsil\u00e4ht\u00f6isyyteen ja Voimauttavaan vuorovaikutukseen. Aikuinen antaa lapsen johtaa ja liittyy mukaan lapsen toimintaan. Hetket tukevat lapsen vuorovaikutusta, kommunikointia ja puheen kehityst\u00e4 sek\u00e4 vahvistavat itseluottamusta, tunnetaitoja ja kiinnostusta muihin ihmisiin. ILONA-hetket sis\u00e4lt\u00e4\u00e4 10 korttia. Jokaisessa kortissa on videoesimerkki ja k\u00e4yt\u00e4nn\u00f6n ohjeet aikuiselle.<\/p>\r\n<\/td>\r\n<\/tr>\r\n<\/tbody>\r\n<\/table><h4>Perustana lapsil\u00e4ht\u00f6isyys ja lapsentahtisuus<\/h4><p>ILONA-hetket pohjautuvat tutkitusti vaikuttavaan Voimauttavaan vuorovaikutukseen, joka tarjoaa lapselle turvallisen ja leikkis\u00e4n tilan tulla n\u00e4hdyksi ja kuulluksi. Toimintatapa vahvistaa lapsen kiinnostusta toisiin ihmisiin ja taitoja olla yhdess\u00e4 muiden kanssa. T\u00e4m\u00e4 tukee lapsen keskittymiskyky\u00e4, itseluottamusta ja tunnetaitoja sek\u00e4 rakentaa vahvaa perustaa puheen ja kommunikoinnin kehittymiselle.<\/p><p><img loading=\"lazy\" decoding=\"async\" width=\"212\" height=\"300\" class=\"alignleft wp-image-1819 size-medium img-responsive\" src=\"https:\/\/www.kehitysvammaliitto.fi\/tikoteekki\/wp-content\/uploads\/sites\/2\/2026\/01\/lapsen-tahdissa-a4-verkko-01-212x300.jpg\" alt=\"\" srcset=\"https:\/\/www.kehitysvammaliitto.fi\/tikoteekki\/wp-content\/uploads\/sites\/2\/2026\/01\/lapsen-tahdissa-a4-verkko-01-212x300.jpg 212w, https:\/\/www.kehitysvammaliitto.fi\/tikoteekki\/wp-content\/uploads\/sites\/2\/2026\/01\/lapsen-tahdissa-a4-verkko-01-724x1024.jpg 724w, https:\/\/www.kehitysvammaliitto.fi\/tikoteekki\/wp-content\/uploads\/sites\/2\/2026\/01\/lapsen-tahdissa-a4-verkko-01-768x1087.jpg 768w, https:\/\/www.kehitysvammaliitto.fi\/tikoteekki\/wp-content\/uploads\/sites\/2\/2026\/01\/lapsen-tahdissa-a4-verkko-01-1086x1536.jpg 1086w, https:\/\/www.kehitysvammaliitto.fi\/tikoteekki\/wp-content\/uploads\/sites\/2\/2026\/01\/lapsen-tahdissa-a4-verkko-01.jpg 1140w\" sizes=\"auto, (max-width: 212px) 100vw, 212px\" \/><\/p><p>Kommunikointitaidot kehittyv\u00e4t askel askeleelta yhdess\u00e4 aikuisen kanssa. Jo ennen sanoja lapsi kertoo kiinnostuksen kohteistaan, ajatuksistaan ja tunteistaan olemuskielell\u00e4 \u2013 katseilla, ilmeill\u00e4, eleill\u00e4, liikkeill\u00e4 ja \u00e4\u00e4ntelyll\u00e4.<\/p><p>Kun aikuinen liittyy mukaan lasta kiinnostavaan toimintaan ja vastaa lapsen aloitteisiin, yhdess\u00e4olo on lapselle mielek\u00e4st\u00e4 ja ymm\u00e4rrett\u00e4v\u00e4\u00e4. Lapsi tulee n\u00e4hdyksi omana itsen\u00e4\u00e4n ja saa kokemuksia siit\u00e4, ett\u00e4 h\u00e4n tuottaa iloa aikuiselle.<\/p><blockquote>\r\n<p>\u00c4l\u00e4 kiirehdi kohti taitoja, joita lapsi ei viel\u00e4 osaa, vaan pys\u00e4hdy hetkeen ja iloitse niist\u00e4 taidoista, joita lapsella jo on.<\/p>\r\n<\/blockquote><h4><strong>\u00a0<\/strong><\/h4><h4>N\u00e4in toteutat ILONA-hetki\u00e4<\/h4><ol>\r\n\t<li>Lataa 10 ILONA-hetke\u00e4 k\u00e4ytt\u00f6\u00f6si.<\/li>\r\n\t<li>Aloita yhdest\u00e4 hetkest\u00e4 \u2013 valitse sellainen, joka tuntuu sinusta ja lapsesta helpolta tai kutsuvalta.<\/li>\r\n\t<li>Voit toteuttaa hetki\u00e4 miss\u00e4 tahansa j\u00e4rjestyksess\u00e4 ja silloin, kun se sopii teille parhaiten. My\u00f6s sisarukset tai muut lapset voivat tulla mukaan.<\/li>\r\n\t<li>Katso videoesimerkki, niin saat inspiraatiota ja tuntuman hetkeen.<\/li>\r\n\t<li>Anna lapsen johtaa \u2013 seuraa, reagoi ja liity mukaan.<\/li>\r\n\t<li>Nauttikaa yhdess\u00e4olosta ilman suorituspaineita. Heitt\u00e4ydy ja hassuttele yhdess\u00e4 lapsen kanssa!<\/li>\r\n\t<li>Toteuttakaa hetki\u00e4 s\u00e4\u00e4nn\u00f6llisesti \u2013 toisto vahvistaa vaikutusta. \u00c4l\u00e4 luovuta, vaikka heti ei tuntuisi tapahtuvan mit\u00e4\u00e4n.<\/li>\r\n<\/ol><p>\r\n\r\n<figure id=\"attachment_1712\" aria-describedby=\"caption-attachment-1712\" class=\"wp-caption aligncenter\"><img loading=\"lazy\" decoding=\"async\" width=\"1024\" height=\"719\" class=\"wp-image-1712 size-large img-responsive\" src=\"https:\/\/www.kehitysvammaliitto.fi\/tikoteekki\/wp-content\/uploads\/sites\/2\/2025\/12\/ilona-verkkosivut-03-1024x719.jpg\" alt=\"Kuvassa on 10 ILONA-hetken sis\u00e4llysluettelo. 1. Seuraa lapsen aloitteita, 2. J\u00e4ljittele ja peilaa lasta, 3. Luo yhteinen kontaktihetki, 4. Kosketa ja ole l\u00e4hell\u00e4, 5. \u00c4\u00e4nnelk\u00e4\u00e4 yhdess\u00e4, 6. Yhteiset leikki\u00e4\u00e4net, 7. Hiljainen l\u00e4sn\u00e4olo, 8. Pieni toistuva rutiini, 9. Odota ja anna aikaa, 10. Juhlista lapsen aloitteita \" srcset=\"https:\/\/www.kehitysvammaliitto.fi\/tikoteekki\/wp-content\/uploads\/sites\/2\/2025\/12\/ilona-verkkosivut-03-1024x719.jpg 1024w, https:\/\/www.kehitysvammaliitto.fi\/tikoteekki\/wp-content\/uploads\/sites\/2\/2025\/12\/ilona-verkkosivut-03-300x211.jpg 300w, https:\/\/www.kehitysvammaliitto.fi\/tikoteekki\/wp-content\/uploads\/sites\/2\/2025\/12\/ilona-verkkosivut-03-768x539.jpg 768w, https:\/\/www.kehitysvammaliitto.fi\/tikoteekki\/wp-content\/uploads\/sites\/2\/2025\/12\/ilona-verkkosivut-03.jpg 1140w\" sizes=\"auto, (max-width: 1024px) 100vw, 1024px\" \/><figcaption id=\"caption-attachment-1712\" class=\"wp-caption-text\">Kuva: Jenni K\u00e4rn\u00e4-Escalante<\/figcaption><\/figure>\r\n\r\n<\/p><h3>ILONA-materiaalit<\/h3><p>ILONA-materiaalit sis\u00e4lt\u00e4\u00e4 10 ILONA-hetke\u00e4. Ne voi ladata erikseen tai yhten\u00e4 pdf-tiedostona. ILONA-hetki\u00e4 voi k\u00e4ytt\u00e4\u00e4 k\u00e4nnyk\u00e4ll\u00e4 ja tabletilla tai ne voi tulostaa. Hetkeen liittyv\u00e4 esimerkkivideo avautuu kortissa olevasta linkist\u00e4 tai qr-koodista.<\/p><h4>\u00a0<\/h4><h4>Videoesimerkki: \u00c4\u00e4nnelk\u00e4\u00e4 yhdess\u00e4<\/h4><p><iframe src=\"\/\/www.youtube.com\/embed\/jkp2bHuVq8E?si=D3mfprABO_p0QqV3\" allowfullscreen=\"allowfullscreen\"><\/iframe><\/p><table class=\"table\" style=\"width: 100.546%; border-collapse: collapse; background-color: #e3eaf2; height: 80px;\">\r\n<tbody>\r\n<tr style=\"height: 97px;\">\r\n<td style=\"width: 100%; height: 97px;\">\r\n<p>\u00c4\u00e4ntely on hauska tapa olla vuorovaikutuksessa ja rakentaa yhteist\u00e4 rytmi\u00e4. \u00c4\u00e4ntelem\u00e4ll\u00e4 voi jutella, hassutella ja leikki\u00e4. Videolla vanhempi kuuntelee tarkasti, millaisia \u00e4\u00e4ni\u00e4 lapsi tuottaa ja vastaa itsekin \u00e4\u00e4ntelem\u00e4ll\u00e4.<\/p>\r\n<\/td>\r\n<\/tr>\r\n<\/tbody>\r\n<\/table><h4>\u00a0<\/h4><h4>Vinkki<\/h4><p>Jos tulostat ILONA-hetket, voit laminoida ne ja leikata erillisiksi korteiksi. Hetki\u00e4 voi k\u00e4ytt\u00e4\u00e4 yksitt\u00e4in tai koota ne viuhkaksi.<\/p><h3><img loading=\"lazy\" decoding=\"async\" width=\"1024\" height=\"576\" class=\"aligncenter wp-image-1808 size-large img-responsive\" src=\"https:\/\/www.kehitysvammaliitto.fi\/tikoteekki\/wp-content\/uploads\/sites\/2\/2026\/01\/Kortit-printteina-taustalla_kapea-1024x576.png\" alt=\"Kuvassa on kaksi laminoitua ILONA-korttia ja kymmenest\u00e4 kortista tehty viuhka\" srcset=\"https:\/\/www.kehitysvammaliitto.fi\/tikoteekki\/wp-content\/uploads\/sites\/2\/2026\/01\/Kortit-printteina-taustalla_kapea-1024x576.png 1024w, https:\/\/www.kehitysvammaliitto.fi\/tikoteekki\/wp-content\/uploads\/sites\/2\/2026\/01\/Kortit-printteina-taustalla_kapea-300x169.png 300w, https:\/\/www.kehitysvammaliitto.fi\/tikoteekki\/wp-content\/uploads\/sites\/2\/2026\/01\/Kortit-printteina-taustalla_kapea-768x432.png 768w, https:\/\/www.kehitysvammaliitto.fi\/tikoteekki\/wp-content\/uploads\/sites\/2\/2026\/01\/Kortit-printteina-taustalla_kapea-1536x864.png 1536w, https:\/\/www.kehitysvammaliitto.fi\/tikoteekki\/wp-content\/uploads\/sites\/2\/2026\/01\/Kortit-printteina-taustalla_kapea.png 1894w\" sizes=\"auto, (max-width: 1024px) 100vw, 1024px\" \/><\/h3><h4>\u00a0<\/h4><h4>Lataa materiaalit t\u00e4st\u00e4<\/h4><table class=\"table\" style=\"width: 100%; border-collapse: collapse; background-color: #e3eaf2; height: 97px;\">\r\n<tbody>\r\n<tr style=\"height: 97px;\">\r\n<td style=\"width: 100%; height: 97px;\">\r\n<ul>\r\n\t<li><a class=\"require-download-form\" href=\"#\" target=\"_blank\" rel=\"noopener\" data-id=\"QXAwTE96UlJVKzIxcVF3ckl1OTJ2MzM1R0dOVk9YRDF0STJrS3FZTVRvQlFxTnBWVUM0Z1JqK3IxVVBQc2xZVkNqNHZDWTdCeThIdmVzTjVMNlA5ZFpxczZjRW45c2J3aWN2THpIdWV2ZXQ3dFBxQnRwS1grek5KbjJoNm5yYkFmVWNBbUltYkE5RVhCcWJoY0ZmYUR3PT0=\" data-page=\"Z1RrTGFmWkxGdm5wYmpWS3d5YmlNWElrcmlreG5qdWVzS1dLUDlLeVpucz0=\" id=\"dl-zm91-001\">ILONA-esite<\/a> (pdf)<\/li>\r\n\t<li><a class=\"require-download-form\" href=\"#\" target=\"_blank\" rel=\"noopener\" data-id=\"QXAwTE96UlJVKzIxcVF3ckl1OTJ2MzM1R0dOVk9YRDF0STJrS3FZTVRvQlFxTnBWVUM0Z1JqK3IxVVBQc2xZVkNqNHZDWTdCeThIdmVzTjVMNlA5ZFpxczZjRW45c2J3aWN2THpIdWV2ZXRUVnl5cEMwYTIyTEZEcXVialVEdThKZ3NvdkorekJKdUwzTnRReU1qc2FBPT0=\" data-page=\"Z1RrTGFmWkxGdm5wYmpWS3d5YmlNWElrcmlreG5qdWVzS1dLUDlLeVpucz0=\" id=\"dl-tahl-002\">ILONA-juliste<\/a> (A3 pdf)<\/li>\r\n\t<li><a class=\"require-download-form\" href=\"#\" target=\"_blank\" rel=\"noopener\" data-id=\"QXAwTE96UlJVKzIxcVF3ckl1OTJ2MzM1R0dOVk9YRDF0STJrS3FZTVRvQlFxTnBWVUM0Z1JqK3IxVVBQc2xZVkNqNHZDWTdCeThIdmVzTjVMNlA5ZFpxczZjRW45c2J3aWN2THpIdWV2ZXVLKzN0MUtMZ3VOdlVnTE94aEJwcWZXMlVzZmN0VUgrTDI4T0NuNjNoOXlBPT0=\" data-page=\"Z1RrTGFmWkxGdm5wYmpWS3d5YmlNWElrcmlreG5qdWVzS1dLUDlLeVpucz0=\" id=\"dl-685g-003\">10 ILONA-hetke\u00e4<\/a> (kooste, pdf)<\/li>\r\n\t<li><a class=\"require-download-form\" href=\"#\" target=\"_blank\" rel=\"noopener\" data-id=\"QXAwTE96UlJVKzIxcVF3ckl1OTJ2MzM1R0dOVk9YRDF0STJrS3FZTVRvQlFxTnBWVUM0Z1JqK3IxVVBQc2xZVkNqNHZDWTdCeThIdmVzTjVMNlA5ZFpxczZjRW45c2J3aWN2THpIdWV2ZXNsU3RPdlJLdzh6U09FNTB2MTF6UFVWcG05ZW5sdXM2ak1GRWNxNkNmQ2h3PT0=\" data-page=\"Z1RrTGFmWkxGdm5wYmpWS3d5YmlNWElrcmlreG5qdWVzS1dLUDlLeVpucz0=\" id=\"dl-1eh2-004\">Lapsen tahdissa -juliste<\/a> (A3 pdf)<\/li>\r\n<\/ul>\r\n<h4>\u00a0<\/h4>\r\n<h4>ILONA-hetket\u00a0<\/h4>\r\n<ul>\r\n\t<li><a class=\"require-download-form\" href=\"#\" target=\"_blank\" rel=\"noopener\" data-id=\"QXAwTE96UlJVKzIxcVF3ckl1OTJ2MzM1R0dOVk9YRDF0STJrS3FZTVRvQlFxTnBWVUM0Z1JqK3IxVVBQc2xZVkNqNHZDWTdCeThIdmVzTjVMNlA5ZFpxczZjRW45c2J3aWN2THpIdWV2ZXZCT2ViNmJRUWw5UVJOTUJSQ2ZtQ1dKTENrZ3AvNnd0MG8zRFZNdDR6WmJBPT0=\" data-page=\"Z1RrTGFmWkxGdm5wYmpWS3d5YmlNWElrcmlreG5qdWVzS1dLUDlLeVpucz0=\" id=\"dl-1x59-005\">ILONA-hetket kansi<\/a> (pdf)<\/li>\r\n\t<li><a class=\"require-download-form\" href=\"#\" target=\"_blank\" rel=\"noopener\" data-id=\"QXAwTE96UlJVKzIxcVF3ckl1OTJ2MzM1R0dOVk9YRDF0STJrS3FZTVRvQlFxTnBWVUM0Z1JqK3IxVVBQc2xZVkNqNHZDWTdCeThIdmVzTjVMNlA5ZFpxczZjRW45c2J3aWN2THpIdWV2ZXNLT3I5dWppUTR5RXdRUnFQWmtUTGc2SFFKbHB1akEyREprOTVnWlY5RXFRPT0=\" data-page=\"Z1RrTGFmWkxGdm5wYmpWS3d5YmlNWElrcmlreG5qdWVzS1dLUDlLeVpucz0=\" id=\"dl-1uyc-006\">ILONA-hetket sis\u00e4llysluettelo<\/a> (pdf)<\/li>\r\n\t<li><a class=\"require-download-form\" href=\"#\" target=\"_blank\" rel=\"noopener\" data-id=\"QXAwTE96UlJVKzIxcVF3ckl1OTJ2MzM1R0dOVk9YRDF0STJrS3FZTVRvQlFxTnBWVUM0Z1JqK3IxVVBQc2xZVkNqNHZDWTdCeThIdmVzTjVMNlA5ZFpxczZjRW45c2J3aWN2THpIdWV2ZXVjWWdwekwxc3VYeWhnNUp1VWJSYlJCSmpaWUg2NklsRVU2aE1PdzYxWi8wMjFMSVF5YUJQZC9pRTZZa0ZkTzFnPQ==\" data-page=\"Z1RrTGFmWkxGdm5wYmpWS3d5YmlNWElrcmlreG5qdWVzS1dLUDlLeVpucz0=\" id=\"dl-14h2-007\">ILONA: Seuraa lapsen aloitteita<\/a> (pdf)<\/li>\r\n\t<li><a class=\"require-download-form\" href=\"#\" target=\"_blank\" rel=\"noopener\" data-id=\"QXAwTE96UlJVKzIxcVF3ckl1OTJ2MzM1R0dOVk9YRDF0STJrS3FZTVRvQlFxTnBWVUM0Z1JqK3IxVVBQc2xZVkNqNHZDWTdCeThIdmVzTjVMNlA5ZFpxczZjRW45c2J3aWN2THpIdWV2ZXVhVThiTVVXYTM3VGZ1eTlDeU51RlpxcGV0S3Y5K05oY1FXNXV0a1dpSVpSYXhuclhUY2l4ejRqMGhIMENnQjZtTytPSVdob0VGaExuMC9kNU8vQThx\" data-page=\"Z1RrTGFmWkxGdm5wYmpWS3d5YmlNWElrcmlreG5qdWVzS1dLUDlLeVpucz0=\" id=\"dl-f1ff-008\">ILONA: J\u00e4ljittele ja peilaa lasta<\/a> (pdf)<\/li>\r\n\t<li><a class=\"require-download-form\" href=\"#\" target=\"_blank\" rel=\"noopener\" data-id=\"QXAwTE96UlJVKzIxcVF3ckl1OTJ2MzM1R0dOVk9YRDF0STJrS3FZTVRvQlFxTnBWVUM0Z1JqK3IxVVBQc2xZVkNqNHZDWTdCeThIdmVzTjVMNlA5ZFpxczZjRW45c2J3aWN2THpIdWV2ZXM3bW43eFdYcG8zS0FOVDR5RUR6b3oxaTFRV2ZjWXp0TVdqVmFoTHkvVXFmWStkalY2T3dlSG1vYVV3emFVZXlpdkhtbFZpNGlIT0tHaVE0TVNNZWFp\" data-page=\"Z1RrTGFmWkxGdm5wYmpWS3d5YmlNWElrcmlreG5qdWVzS1dLUDlLeVpucz0=\" id=\"dl-13hv-009\">ILONA: Luo yhteinen kontaktihetki<\/a> (pdf)<\/li>\r\n\t<li><a class=\"require-download-form\" href=\"#\" target=\"_blank\" rel=\"noopener\" data-id=\"QXAwTE96UlJVKzIxcVF3ckl1OTJ2MzM1R0dOVk9YRDF0STJrS3FZTVRvQlFxTnBWVUM0Z1JqK3IxVVBQc2xZVkNqNHZDWTdCeThIdmVzTjVMNlA5ZFpxczZjRW45c2J3aWN2THpIdWV2ZXU0eXVhbnk5ZGFaL1VSL21nbzFVOE91NThBandHb0w3cVkxQkIzUlpHZTlSNit4bStXZDFDbGVZenVQclEvaFNzPQ==\" data-page=\"Z1RrTGFmWkxGdm5wYmpWS3d5YmlNWElrcmlreG5qdWVzS1dLUDlLeVpucz0=\" id=\"dl-b95o-010\">ILONA: Kosketa ja ole l\u00e4hell\u00e4<\/a> (pdf)<\/li>\r\n\t<li><a class=\"require-download-form\" href=\"#\" target=\"_blank\" rel=\"noopener\" data-id=\"QXAwTE96UlJVKzIxcVF3ckl1OTJ2MzM1R0dOVk9YRDF0STJrS3FZTVRvQlFxTnBWVUM0Z1JqK3IxVVBQc2xZVkNqNHZDWTdCeThIdmVzTjVMNlA5ZFpxczZjRW45c2J3aWN2THpIdWV2ZXVxcklvNVVmWG5vcjllWXFGTGVmV2dvWk1CSWpGMEhWTUlvdlNCUGl4ajhiVFpMY1BQWjcrQzhmVFo3dkRsRStnPQ==\" data-page=\"Z1RrTGFmWkxGdm5wYmpWS3d5YmlNWElrcmlreG5qdWVzS1dLUDlLeVpucz0=\" id=\"dl-h05w-011\">ILONA: \u00c4\u00e4nnelk\u00e4\u00e4 yhdess\u00e4<\/a> (pdf)<\/li>\r\n\t<li><a class=\"require-download-form\" href=\"#\" target=\"_blank\" rel=\"noopener\" data-id=\"QXAwTE96UlJVKzIxcVF3ckl1OTJ2MzM1R0dOVk9YRDF0STJrS3FZTVRvQlFxTnBWVUM0Z1JqK3IxVVBQc2xZVkNqNHZDWTdCeThIdmVzTjVMNlA5ZFpxczZjRW45c2J3aWN2THpIdWV2ZXNyeFlqQWVuejk1OGpvL0UyQndGOVBVbnc4RnJpUXNPYU85WDBONG5NY0Rva1R1aDMvNWo1VFgrQVRrOGdhdXVBPQ==\" data-page=\"Z1RrTGFmWkxGdm5wYmpWS3d5YmlNWElrcmlreG5qdWVzS1dLUDlLeVpucz0=\" id=\"dl-1jmx-012\">ILONA: Yhteiset leikki\u00e4\u00e4net<\/a> (pdf)<\/li>\r\n\t<li><a class=\"require-download-form\" href=\"#\" target=\"_blank\" rel=\"noopener\" data-id=\"QXAwTE96UlJVKzIxcVF3ckl1OTJ2MzM1R0dOVk9YRDF0STJrS3FZTVRvQlFxTnBWVUM0Z1JqK3IxVVBQc2xZVkNqNHZDWTdCeThIdmVzTjVMNlA5ZFpxczZjRW45c2J3aWN2THpIdWV2ZXNxbHZtY2FWQ2JMUXZrZCswOHpaZlZ5S3IwcnJyMGJRY0Q3ZlJpWDBvZVdIWXIyWHkxU3owdENLWlNFc1h0Q2NZPQ==\" data-page=\"Z1RrTGFmWkxGdm5wYmpWS3d5YmlNWElrcmlreG5qdWVzS1dLUDlLeVpucz0=\" id=\"dl-yx8e-013\">ILONA: Hiljainen l\u00e4sn\u00e4olo<\/a> (pdf)<\/li>\r\n\t<li><a class=\"require-download-form\" href=\"#\" target=\"_blank\" rel=\"noopener\" data-id=\"QXAwTE96UlJVKzIxcVF3ckl1OTJ2MzM1R0dOVk9YRDF0STJrS3FZTVRvQlFxTnBWVUM0Z1JqK3IxVVBQc2xZVkNqNHZDWTdCeThIdmVzTjVMNlA5ZFpxczZjRW45c2J3aWN2THpIdWV2ZXRCYTlXbERpdnNzVGRKc1haMzZ4UUc0TWp4UERVdUlSYUdSME1oaGZUR2NvSCtNSkRGUFdoKy9RMmhiQ2wvNnB3PQ==\" data-page=\"Z1RrTGFmWkxGdm5wYmpWS3d5YmlNWElrcmlreG5qdWVzS1dLUDlLeVpucz0=\" id=\"dl-p983-014\">ILONA: Pieni toistuva rutiini<\/a> (pdf)<\/li>\r\n\t<li><a class=\"require-download-form\" href=\"#\" target=\"_blank\" rel=\"noopener\" data-id=\"QXAwTE96UlJVKzIxcVF3ckl1OTJ2MzM1R0dOVk9YRDF0STJrS3FZTVRvQlFxTnBWVUM0Z1JqK3IxVVBQc2xZVkNqNHZDWTdCeThIdmVzTjVMNlA5ZFpxczZjRW45c2J3aWN2THpIdWV2ZXQ4bWNFMGtGRkxGeXdYYzFrVjh3cXdTcHJoQUNETlZRMlkzZWpqNDNkbDVPK1hZQWpVK3U0RXAvQ0Zucm11ekEwPQ==\" data-page=\"Z1RrTGFmWkxGdm5wYmpWS3d5YmlNWElrcmlreG5qdWVzS1dLUDlLeVpucz0=\" id=\"dl-qptg-015\">ILONA: Odota ja anna aikaa<\/a> (pdf)<\/li>\r\n\t<li><a class=\"require-download-form\" href=\"#\" target=\"_blank\" rel=\"noopener\" data-id=\"QXAwTE96UlJVKzIxcVF3ckl1OTJ2MzM1R0dOVk9YRDF0STJrS3FZTVRvQlFxTnBWVUM0Z1JqK3IxVVBQc2xZVkNqNHZDWTdCeThIdmVzTjVMNlA5ZFpxczZjRW45c2J3aWN2THpIdWV2ZXMrRTVGL2RZS0UvNnh6STk1UjlNT0lqNWxTTzhKMUhoelV6MTZvQzNtMWhvQVc5VGtnSWVKNGNvaDNWdjFWazN0TndKK0oyUUNEV0d0clNUaFkxY1kw\" data-page=\"Z1RrTGFmWkxGdm5wYmpWS3d5YmlNWElrcmlreG5qdWVzS1dLUDlLeVpucz0=\" id=\"dl-1bv7-016\">ILONA: Juhlista lapsen aloitteita<\/a> (pdf)<\/li>\r\n<\/ul>\r\n<p>\u00a0<\/p>\r\n<\/td>\r\n<\/tr>\r\n<\/tbody>\r\n<\/table><h3>Tutustu lis\u00e4ksi<\/h3><ul>\r\n\t<li>Lue lis\u00e4\u00e4 <a href=\"https:\/\/www.kehitysvammaliitto.fi\/tikoteekki\/toimintamallit\/voimauttava-vuorovaikutus\/\" target=\"_blank\" rel=\"noopener\">Voimauttava vuorovaikutus -toimintatavasta<\/a><\/li>\r\n<\/ul>\n\n","protected":false},"excerpt":{"rendered":"Lis\u00e4\u00e4 iloa yhdess\u00e4oloonILONA-hetket sis\u00e4lt\u00e4\u00e4 10 korttia, joiden avulla vanhemmat voivat lis\u00e4t\u00e4 kiireet\u00f6nt\u00e4 ja rentoa yhdess\u00e4oloa lapsen kanssa. Hetkien tarkoituksena on unohtaa suunnitelmat ja tavoitteet \u2013 ja vain olla yhdess\u00e4. Jokaisessa kortissa kerrotaan, miksi hetki on t\u00e4rke\u00e4, ja annetaan k\u00e4yt\u00e4nn\u00f6n ohjeet aikuiselle. Mukana on my\u00f6s videoesimerkki, joka havainnollistaa, miten hetken voi toteuttaa.Tukea vuorovaikutuksen kehitykseenTikoteekki on kehitt\u00e4nyt [&hellip;]","protected":false},"author":17,"featured_media":0,"parent":118,"menu_order":13,"comment_status":"closed","ping_status":"closed","template":"","meta":{"footnotes":""},"categories":[],"tags":[],"class_list":["post-1705","page","type-page","status-publish","hentry"],"_links":{"self":[{"href":"https:\/\/www.kehitysvammaliitto.fi\/tikoteekki\/wp-json\/wp\/v2\/pages\/1705","targetHints":{"allow":["GET"]}}],"collection":[{"href":"https:\/\/www.kehitysvammaliitto.fi\/tikoteekki\/wp-json\/wp\/v2\/pages"}],"about":[{"href":"https:\/\/www.kehitysvammaliitto.fi\/tikoteekki\/wp-json\/wp\/v2\/types\/page"}],"author":[{"embeddable":true,"href":"https:\/\/www.kehitysvammaliitto.fi\/tikoteekki\/wp-json\/wp\/v2\/users\/17"}],"replies":[{"embeddable":true,"href":"https:\/\/www.kehitysvammaliitto.fi\/tikoteekki\/wp-json\/wp\/v2\/comments?post=1705"}],"version-history":[{"count":0,"href":"https:\/\/www.kehitysvammaliitto.fi\/tikoteekki\/wp-json\/wp\/v2\/pages\/1705\/revisions"}],"up":[{"embeddable":true,"href":"https:\/\/www.kehitysvammaliitto.fi\/tikoteekki\/wp-json\/wp\/v2\/pages\/118"}],"wp:attachment":[{"href":"https:\/\/www.kehitysvammaliitto.fi\/tikoteekki\/wp-json\/wp\/v2\/media?parent=1705"}],"wp:term":[{"taxonomy":"category","embeddable":true,"href":"https:\/\/www.kehitysvammaliitto.fi\/tikoteekki\/wp-json\/wp\/v2\/categories?post=1705"},{"taxonomy":"post_tag","embeddable":true,"href":"https:\/\/www.kehitysvammaliitto.fi\/tikoteekki\/wp-json\/wp\/v2\/tags?post=1705"}],"curies":[{"name":"wp","href":"https:\/\/api.w.org\/{rel}","templated":true}]}}