{"id":464,"date":"2018-10-03T14:34:02","date_gmt":"2018-10-03T11:34:02","guid":{"rendered":"https:\/\/www.kehitysvammaliitto.fi\/tikoteekki\/tietoa\/puhevammaisten-tulkkauspalvelu\/"},"modified":"2025-04-08T11:05:52","modified_gmt":"2025-04-08T08:05:52","slug":"puhevammaisten-tulkkauspalvelu","status":"publish","type":"page","link":"https:\/\/www.kehitysvammaliitto.fi\/tikoteekki\/tietoa\/puhevammaisten-tulkkauspalvelu\/","title":{"rendered":"Puhevammaisten tulkkauspalvelu"},"content":{"rendered":"<p>Tulkkauspalvelun tavoitteena on, ett\u00e4 puhevammainen henkil\u00f6 voi olla kanssak\u00e4ymisess\u00e4 toisten ihmisten kanssa ja tulla kuulluksi ja ymm\u00e4rretyksi. Tulkkausta voi tarvita varhaiskasvatuksessa, koulussa,\u00a0 opiskelussa, ty\u00f6ss\u00e4, harrastamisessa, asioimisessa, yhteiskunnallisessa osallistumisessa tai muussa arjen toiminnassa.<\/p><p>Tulkkausta j\u00e4rjestet\u00e4\u00e4n usean eri lain perusteella ja siksi j\u00e4rjest\u00e4misvastuu on jakautunut useammalle eri viranomaiselle (Kela, hyvinvointialue, kunta, poliisiviranomainen). Ensisijaisesti j\u00e4rjest\u00e4misvastuussa on se viranomainen, jonka palvelua k\u00e4ytt\u00e4ess\u00e4\u00e4n puhevammainen henkil\u00f6 tarvitsee tulkkausta. Muihin vuorovaikutustilanteisiin puhevammainen henkil\u00f6 voi hakea tulkkauspalvelua Kelasta. Mik\u00e4li puhevammaisuuden syyn\u00e4 on tapaturma tai liikennevahinko, tulkkauspalvelun j\u00e4rjest\u00e4\u00e4 vakuutuslaitos.<\/p><p>L\u00e4hi-ihmiset, kuten omaiset, avustaja tai terapeutti voivat auttaa hakulomakkeen t\u00e4ytt\u00e4misess\u00e4. Palvelun k\u00e4ytt\u00f6 edellytt\u00e4\u00e4, ett\u00e4 henkil\u00f6ll\u00e4 on jokin toimiva kommunikointikeino ja h\u00e4n pystyy ilmaisemaan itse\u00e4\u00e4n ja omaa tahtoaan tulkkauksen avulla. Palvelun k\u00e4yt\u00f6ll\u00e4 ei ole ala- eik\u00e4 yl\u00e4ik\u00e4rajaa.<\/p><p>Tulkkauspalvelu on aivan liian v\u00e4h\u00e4n k\u00e4ytetty mahdollisuus tulla ymm\u00e4rretyksi ja ymm\u00e4rt\u00e4\u00e4, mit\u00e4 ymp\u00e4rill\u00e4 tapahtuu. Vain pieni osa puhevammaisista ihmisist\u00e4 on hakenut palvelua ja viel\u00e4 pienempi osa heist\u00e4 k\u00e4ytt\u00e4\u00e4 palvelua. Jo vuosia palvelun asiakkailla on ollut mahdollisuus saada perehdytyst\u00e4 ja opastusta palvelun k\u00e4ytt\u00f6\u00f6n. Perehdytyksess\u00e4 voi olla mukana henkil\u00f6n l\u00e4hiomaiset, avustajat ja terapeutit. Perehdytys antaa tietoa tulkkauspalvelun k\u00e4ytt\u00f6\u00f6n liittyvist\u00e4 asioista, kuten siit\u00e4, mit\u00e4 on tulkkauspalvelu, mik\u00e4 on tulkin rooli ja vastuu ja miten asiakastietoja voi tarkistaa ja muuttaa, jos tilanne tai tarpeet muuttuvat. Perehdytyksen tarkoituksena on helpottaa kynnyst\u00e4 aloittaa tulkkauspalvelun k\u00e4ytt\u00f6.<\/p><p>Puhevammaisten tulkkaus on ainutlaatuinen j\u00e4rjestelm\u00e4 koko maailmassa. Samanlaista lakis\u00e4\u00e4teist\u00e4 palvelua ei ole miss\u00e4\u00e4n muualla.<\/p><p><a class=\"button read external-link\" href=\"https:\/\/papunet.net\/tulkkauspalvelu\/\" target=\"_blank\" rel=\"noopener\">Puhevammaisten tulkkauspalvelusta Papunetissa<\/a><\/p><p><a class=\"button read external-link\" href=\"https:\/\/www.kela.fi\/vammaisten-tulkkauspalvelu\" target=\"_blank\" rel=\"noopener\">Vammaisten henkil\u00f6iden tulkkauspalvelusta Kelan verkkosivuilla<\/a><\/p><p><a class=\"button read external-link\" href=\"https:\/\/helda.helsinki.fi\/handle\/10138\/251192\" target=\"_blank\" rel=\"noopener\">Kelan selvitys puhevammaisten tulkkauspalvelun haasteista ja mahdollisuuksista vuosina 2011\u20132014<\/a><\/p><h3>Puhevammaisten tulkit<\/h3><p>Puhevammaisen henkil\u00f6n tulkkina toimii koulutettu puhevammaisten tulkki, joka on perehtynyt\u00a0 henkil\u00f6n kommunikointitapaan. Tulkit avustavat kommunikoinnissa ja ymm\u00e4rt\u00e4misess\u00e4. He my\u00f6s auttavat kommunikoinnin apuv\u00e4lineiden k\u00e4yt\u00f6ss\u00e4. Tulkkaus voi olla esimerkiksi ep\u00e4selv\u00e4n puheen selvent\u00e4mist\u00e4 ja kuvilla tai yksitt\u00e4isill\u00e4 viittomilla tai muilla merkeill\u00e4 tuotettujen viestien tulkkaamista puheeksi. Tulkki voi my\u00f6s selvent\u00e4\u00e4 kommunikointikumppaneiden viestej\u00e4 puhevammaiselle henkil\u00f6lle ymm\u00e4rrett\u00e4v\u00e4mp\u00e4\u00e4n muotoon. Lis\u00e4ksi tulkkaus voi tarkoittaa avustamista kirjeiden, hakemusten ja lomakkeiden sis\u00e4ll\u00f6n selvent\u00e4misess\u00e4 ja laatimisessa yhdess\u00e4 puhevammaisen henkil\u00f6n kanssa. Tulkki ei toimi henkil\u00f6n yleisen\u00e4 avustajana.<\/p><p>Puhevammaisten tulkkeja koulutetaan ammattiopistoissa ja sosiaali- ja terveysalan oppilaitoksissa sek\u00e4 ammattikorkeakouluissa.<\/p>\n\n","protected":false},"excerpt":{"rendered":"Tulkkauspalvelun tavoitteena on, ett\u00e4 puhevammainen henkil\u00f6 voi olla kanssak\u00e4ymisess\u00e4 toisten ihmisten kanssa ja tulla kuulluksi ja ymm\u00e4rretyksi. Tulkkausta voi tarvita varhaiskasvatuksessa, koulussa,\u00a0 opiskelussa, ty\u00f6ss\u00e4, harrastamisessa, asioimisessa, yhteiskunnallisessa osallistumisessa tai muussa arjen toiminnassa.Tulkkausta j\u00e4rjestet\u00e4\u00e4n usean eri lain perusteella ja siksi j\u00e4rjest\u00e4misvastuu on jakautunut useammalle eri viranomaiselle (Kela, hyvinvointialue, kunta, poliisiviranomainen). Ensisijaisesti j\u00e4rjest\u00e4misvastuussa on se viranomainen, jonka [&hellip;]","protected":false},"author":1,"featured_media":1248,"parent":97,"menu_order":8,"comment_status":"closed","ping_status":"closed","template":"","meta":{"footnotes":""},"categories":[],"tags":[12],"class_list":["post-464","page","type-page","status-publish","has-post-thumbnail","hentry","tag-tulkkauspalvelu"],"_links":{"self":[{"href":"https:\/\/www.kehitysvammaliitto.fi\/tikoteekki\/wp-json\/wp\/v2\/pages\/464","targetHints":{"allow":["GET"]}}],"collection":[{"href":"https:\/\/www.kehitysvammaliitto.fi\/tikoteekki\/wp-json\/wp\/v2\/pages"}],"about":[{"href":"https:\/\/www.kehitysvammaliitto.fi\/tikoteekki\/wp-json\/wp\/v2\/types\/page"}],"author":[{"embeddable":true,"href":"https:\/\/www.kehitysvammaliitto.fi\/tikoteekki\/wp-json\/wp\/v2\/users\/1"}],"replies":[{"embeddable":true,"href":"https:\/\/www.kehitysvammaliitto.fi\/tikoteekki\/wp-json\/wp\/v2\/comments?post=464"}],"version-history":[{"count":0,"href":"https:\/\/www.kehitysvammaliitto.fi\/tikoteekki\/wp-json\/wp\/v2\/pages\/464\/revisions"}],"up":[{"embeddable":true,"href":"https:\/\/www.kehitysvammaliitto.fi\/tikoteekki\/wp-json\/wp\/v2\/pages\/97"}],"wp:featuredmedia":[{"embeddable":true,"href":"https:\/\/www.kehitysvammaliitto.fi\/tikoteekki\/wp-json\/wp\/v2\/media\/1248"}],"wp:attachment":[{"href":"https:\/\/www.kehitysvammaliitto.fi\/tikoteekki\/wp-json\/wp\/v2\/media?parent=464"}],"wp:term":[{"taxonomy":"category","embeddable":true,"href":"https:\/\/www.kehitysvammaliitto.fi\/tikoteekki\/wp-json\/wp\/v2\/categories?post=464"},{"taxonomy":"post_tag","embeddable":true,"href":"https:\/\/www.kehitysvammaliitto.fi\/tikoteekki\/wp-json\/wp\/v2\/tags?post=464"}],"curies":[{"name":"wp","href":"https:\/\/api.w.org\/{rel}","templated":true}]}}